Last updated on 2025-10-22 09:50:55 CEST.
Flavor | Version | Tinstall | Tcheck | Ttotal | Status | Flags |
---|---|---|---|---|---|---|
r-devel-linux-x86_64-debian-clang | 1.5.2 | 14.40 | 138.29 | 152.69 | NOTE | |
r-devel-linux-x86_64-debian-gcc | 1.5.2 | 10.89 | 97.03 | 107.92 | NOTE | |
r-devel-linux-x86_64-fedora-clang | 1.5.2 | 59.00 | 187.30 | 246.30 | OK | |
r-devel-linux-x86_64-fedora-gcc | 1.5.2 | 28.00 | 204.43 | 232.43 | OK | |
r-devel-windows-x86_64 | 1.5.2 | 15.00 | 136.00 | 151.00 | OK | |
r-patched-linux-x86_64 | 1.5.2 | 14.34 | 126.31 | 140.65 | OK | |
r-release-linux-x86_64 | 1.5.2 | 11.37 | 127.62 | 138.99 | OK | |
r-release-macos-arm64 | 1.5.2 | 5.00 | 65.00 | 70.00 | OK | |
r-release-macos-x86_64 | 1.5.2 | 12.00 | 115.00 | 127.00 | OK | |
r-release-windows-x86_64 | 1.5.2 | 16.00 | 136.00 | 152.00 | OK | |
r-oldrel-macos-arm64 | 1.5.2 | 6.00 | 58.00 | 64.00 | OK | |
r-oldrel-macos-x86_64 | 1.5.2 | 12.00 | 104.00 | 116.00 | OK | |
r-oldrel-windows-x86_64 | 1.5.2 | 20.00 | 171.00 | 191.00 | OK |
Version: 1.5.2
Check: HTML version of manual
Result: NOTE
Found the following HTML validation problems:
generics.html:46:1 (generics.Rd:9): Warning: missing </ul> before </div>
nopredcorrect.html:53:1 (nopredcorrect.Rd:15): Warning: missing </ul> before </div>
Flavors: r-devel-linux-x86_64-debian-clang, r-devel-linux-x86_64-debian-gcc