Last updated on 2025-10-21 09:48:49 CEST.
Flavor | Version | Tinstall | Tcheck | Ttotal | Status | Flags |
---|---|---|---|---|---|---|
r-devel-linux-x86_64-debian-clang | 1.2.1 | 4.02 | 49.43 | 53.45 | OK | |
r-devel-linux-x86_64-debian-gcc | 1.2.1 | 2.85 | 37.87 | 40.72 | NOTE | |
r-devel-linux-x86_64-fedora-clang | 1.2.1 | 90.92 | OK | |||
r-devel-linux-x86_64-fedora-gcc | 1.2.1 | 96.52 | OK | |||
r-devel-windows-x86_64 | 1.2.1 | 6.00 | 97.00 | 103.00 | OK | |
r-patched-linux-x86_64 | 1.2.1 | 4.22 | 47.02 | 51.24 | OK | |
r-release-linux-x86_64 | 1.2.1 | 4.15 | 46.65 | 50.80 | OK | |
r-release-macos-arm64 | 1.2.1 | 35.00 | OK | |||
r-release-macos-x86_64 | 1.2.1 | 105.00 | OK | |||
r-release-windows-x86_64 | 1.2.1 | 8.00 | 98.00 | 106.00 | OK | |
r-oldrel-macos-arm64 | 1.2.1 | 39.00 | OK | |||
r-oldrel-macos-x86_64 | 1.2.1 | 73.00 | OK | |||
r-oldrel-windows-x86_64 | 1.2.1 | 8.00 | 105.00 | 113.00 | OK |
Version: 1.2.1
Check: HTML version of manual
Result: NOTE
Found the following HTML validation problems:
shared-params.html:69:1 (shared-params.Rd:24): Warning: missing </ul> before </div>
tt_check_date.html:56:1 (tt_check_date.Rd:16): Warning: missing </ul> before </div>
tt_compile.html:50:1 (tt_compile.Rd:12): Warning: missing </ul> before </div>
tt_date.html:57:1 (tt_date.Rd:15): Warning: missing </ul> before </div>
Flavor: r-devel-linux-x86_64-debian-gcc