Last updated on 2025-11-25 11:52:08 CET.
| Flavor | Version | Tinstall | Tcheck | Ttotal | Status | Flags |
|---|---|---|---|---|---|---|
| r-devel-linux-x86_64-debian-clang | 0.1.1 | 0.33 | 3.24 | 3.57 | ERROR | |
| r-devel-linux-x86_64-debian-gcc | 0.1.1 | 0.26 | 2.54 | 2.80 | ERROR | |
| r-devel-linux-x86_64-fedora-clang | 0.1.1 | 2.55 | ERROR | |||
| r-devel-linux-x86_64-fedora-gcc | 0.1.1 | 2.58 | ERROR | |||
| r-devel-windows-x86_64 | 0.1.0 | 17.00 | 90.00 | 107.00 | NOTE | |
| r-patched-linux-x86_64 | 0.1.1 | 7.68 | 79.95 | 87.63 | OK | |
| r-release-linux-x86_64 | 0.1.1 | 8.06 | 79.44 | 87.50 | OK | |
| r-release-macos-arm64 | 0.1.0 | 4.00 | 20.00 | 24.00 | OK | |
| r-release-macos-x86_64 | 0.1.1 | 11.00 | 94.00 | 105.00 | OK | |
| r-release-windows-x86_64 | 0.1.0 | 12.00 | 94.00 | 106.00 | NOTE | |
| r-oldrel-macos-arm64 | 0.1.1 | 2.00 | 26.00 | 28.00 | OK | |
| r-oldrel-macos-x86_64 | 0.1.1 | 10.00 | 85.00 | 95.00 | OK | |
| r-oldrel-windows-x86_64 | 0.1.1 | 16.00 | 111.00 | 127.00 | OK |
Version: 0.1.1
Check: package dependencies
Result: ERROR
Package required but not available: ‘rgee’
See section ‘The DESCRIPTION file’ in the ‘Writing R Extensions’
manual.
Flavors: r-devel-linux-x86_64-debian-clang, r-devel-linux-x86_64-debian-gcc, r-devel-linux-x86_64-fedora-clang, r-devel-linux-x86_64-fedora-gcc
Version: 0.1.0
Check: Rd cross-references
Result: NOTE
Found the following Rd file(s) with Rd \link{} targets missing package
anchors:
group_by.Rd: group_by_drop_default
Please provide package anchors for all Rd \link{} targets not in the
package itself and the base packages.
Flavors: r-devel-windows-x86_64, r-release-windows-x86_64