Last updated on 2024-05-11 10:48:49 CEST.
Flavor | Version | Tinstall | Tcheck | Ttotal | Status | Flags |
---|---|---|---|---|---|---|
r-devel-linux-x86_64-debian-clang | 0.2.6 | 68.79 | 632.38 | 701.17 | OK | |
r-devel-linux-x86_64-debian-gcc | 0.2.6 | 47.37 | 478.38 | 525.75 | OK | |
r-devel-linux-x86_64-fedora-clang | 0.2.6 | 886.90 | OK | |||
r-devel-linux-x86_64-fedora-gcc | 0.2.6 | 1021.77 | OK | |||
r-devel-windows-x86_64 | 0.2.6 | 42.00 | 435.00 | 477.00 | OK | |
r-patched-linux-x86_64 | 0.2.6 | 1.03 | 2.28 | 3.31 | ERROR | |
r-release-linux-x86_64 | 0.2.6 | 1.00 | 2.27 | 3.27 | ERROR | |
r-release-macos-arm64 | 0.2.6 | 211.00 | OK | |||
r-release-windows-x86_64 | 0.2.6 | 46.00 | 428.00 | 474.00 | OK | |
r-oldrel-macos-arm64 | 0.2.6 | 187.00 | OK | |||
r-oldrel-macos-x86_64 | 0.2.6 | 288.00 | OK | |||
r-oldrel-windows-x86_64 | 0.2.6 | 58.00 | 570.00 | 628.00 | OK |
Version: 0.2.6
Check: package dependencies
Result: ERROR
Package required but not available: ‘blavaan’
See section ‘The DESCRIPTION file’ in the ‘Writing R Extensions’
manual.
Flavors: r-patched-linux-x86_64, r-release-linux-x86_64