Last updated on 2025-11-15 11:51:00 CET.
| Flavor | Version | Tinstall | Tcheck | Ttotal | Status | Flags |
|---|---|---|---|---|---|---|
| r-devel-linux-x86_64-debian-clang | 0.0.6 | 7.06 | 92.89 | 99.95 | NOTE | |
| r-devel-linux-x86_64-debian-gcc | 0.0.6 | 4.87 | 66.04 | 70.91 | NOTE | |
| r-devel-linux-x86_64-fedora-clang | 0.0.6 | 60.00 | 107.85 | 167.85 | OK | |
| r-devel-linux-x86_64-fedora-gcc | 0.0.6 | 16.00 | 135.65 | 151.65 | OK | |
| r-devel-windows-x86_64 | 0.0.6 | 10.00 | 105.00 | 115.00 | OK | |
| r-patched-linux-x86_64 | 0.0.6 | 7.94 | 84.95 | 92.89 | OK | |
| r-release-linux-x86_64 | 0.0.6 | 6.34 | 83.68 | 90.02 | OK | |
| r-release-macos-arm64 | 0.0.6 | 3.00 | 34.00 | 37.00 | OK | |
| r-release-macos-x86_64 | 0.0.6 | 9.00 | 87.00 | 96.00 | OK | |
| r-release-windows-x86_64 | 0.0.6 | 8.00 | 103.00 | 111.00 | OK | |
| r-oldrel-macos-arm64 | 0.0.6 | 3.00 | 46.00 | 49.00 | OK | |
| r-oldrel-macos-x86_64 | 0.0.6 | 6.00 | 92.00 | 98.00 | OK | |
| r-oldrel-windows-x86_64 | 0.0.6 | 13.00 | 129.00 | 142.00 | OK |
Version: 0.0.6
Check: CRAN incoming feasibility
Result: NOTE
Maintainer: ‘Steven Sanderson <spsanderson@gmail.com>’
Found the following (possibly) invalid URLs:
URL: https://lifecycle.r-lib.org/articles/stages.html##experimental
From: README.md
Message: Invalid URL: '#' not allowed in fragment
Flavors: r-devel-linux-x86_64-debian-clang, r-devel-linux-x86_64-debian-gcc