Last updated on 2025-10-22 09:50:54 CEST.
Flavor | Version | Tinstall | Tcheck | Ttotal | Status | Flags |
---|---|---|---|---|---|---|
r-devel-linux-x86_64-debian-clang | 1.1.1 | 3.21 | 34.58 | 37.79 | NOTE | |
r-devel-linux-x86_64-debian-gcc | 1.1.1 | 2.29 | 26.49 | 28.78 | NOTE | |
r-devel-linux-x86_64-fedora-clang | 1.1.1 | 15.00 | 38.93 | 53.93 | OK | |
r-devel-linux-x86_64-fedora-gcc | 1.1.1 | 49.60 | OK | |||
r-devel-windows-x86_64 | 1.1.1 | 5.00 | 57.00 | 62.00 | OK | |
r-patched-linux-x86_64 | 1.1.1 | 3.44 | 31.25 | 34.69 | OK | |
r-release-linux-x86_64 | 1.1.1 | 2.53 | 31.83 | 34.36 | OK | |
r-release-macos-arm64 | 1.1.1 | 1.00 | 25.00 | 26.00 | OK | |
r-release-macos-x86_64 | 1.1.1 | 2.00 | 34.00 | 36.00 | OK | |
r-release-windows-x86_64 | 1.1.1 | 8.00 | 57.00 | 65.00 | OK | |
r-oldrel-macos-arm64 | 1.1.1 | 1.00 | 19.00 | 20.00 | OK | |
r-oldrel-macos-x86_64 | 1.1.1 | 2.00 | 32.00 | 34.00 | OK | |
r-oldrel-windows-x86_64 | 1.1.1 | 6.00 | 64.00 | 70.00 | OK |
Version: 1.1.1
Check: HTML version of manual
Result: NOTE
Found the following HTML validation problems:
get_test_coverage.html:46:1 (get_test_coverage.Rd:10): Warning: missing </ul> before </div>
Flavors: r-devel-linux-x86_64-debian-clang, r-devel-linux-x86_64-debian-gcc