Last updated on 2025-11-15 11:51:00 CET.
| Flavor | Version | Tinstall | Tcheck | Ttotal | Status | Flags |
|---|---|---|---|---|---|---|
| r-devel-linux-x86_64-debian-clang | 0.1.0 | 3.55 | 36.92 | 40.47 | OK | |
| r-devel-linux-x86_64-debian-gcc | 0.1.0 | 3.08 | 28.60 | 31.68 | OK | |
| r-devel-linux-x86_64-fedora-clang | 0.1.0 | 18.00 | 44.79 | 62.79 | OK | |
| r-devel-linux-x86_64-fedora-gcc | 0.1.0 | 54.85 | OK | |||
| r-devel-windows-x86_64 | 0.1.0 | 8.00 | 54.00 | 62.00 | OK | |
| r-patched-linux-x86_64 | 0.1.0 | 4.70 | 33.50 | 38.20 | OK | |
| r-release-linux-x86_64 | 0.1.0 | 4.17 | 33.72 | 37.89 | OK | |
| r-release-macos-arm64 | 0.1.0 | 2.00 | 21.00 | 23.00 | OK | |
| r-release-macos-x86_64 | 0.1.0 | 6.00 | 34.00 | 40.00 | OK | |
| r-release-windows-x86_64 | 0.1.0 | 7.00 | 54.00 | 61.00 | OK | |
| r-oldrel-macos-arm64 | 0.1.0 | 2.00 | 26.00 | 28.00 | NOTE | |
| r-oldrel-macos-x86_64 | 0.1.0 | 6.00 | 51.00 | 57.00 | NOTE | |
| r-oldrel-windows-x86_64 | 0.1.0 | 9.00 | 61.00 | 70.00 | NOTE |
Version: 0.1.0
Check: installed package size
Result: NOTE
installed size is 9.4Mb
sub-directories of 1Mb or more:
tabler-1.4.0 4.5Mb
tabler-icons-3.55.0 4.6Mb
Flavors: r-oldrel-macos-arm64, r-oldrel-macos-x86_64, r-oldrel-windows-x86_64