Last updated on 2025-10-27 09:50:49 CET.
| Flavor | Version | Tinstall | Tcheck | Ttotal | Status | Flags |
|---|---|---|---|---|---|---|
| r-devel-linux-x86_64-debian-clang | 0.1.0 | 10.56 | 25.98 | 36.54 | OK | |
| r-devel-linux-x86_64-debian-gcc | 0.1.0 | 10.29 | 21.31 | 31.60 | OK | |
| r-devel-linux-x86_64-fedora-clang | 0.1.0 | 24.00 | 28.69 | 52.69 | OK | |
| r-devel-linux-x86_64-fedora-gcc | 0.1.0 | 24.00 | 26.63 | 50.63 | OK | |
| r-devel-windows-x86_64 | 0.1.0 | 12.00 | 43.00 | 55.00 | OK | |
| r-patched-linux-x86_64 | 0.1.0 | 11.09 | 23.69 | 34.78 | OK | |
| r-release-linux-x86_64 | 0.1.0 | 10.46 | 23.35 | 33.81 | OK | |
| r-release-macos-arm64 | 0.1.0 | 9.00 | 19.00 | 28.00 | OK | |
| r-release-macos-x86_64 | 0.1.0 | 12.00 | 27.00 | 39.00 | OK | |
| r-release-windows-x86_64 | 0.1.0 | 13.00 | 45.00 | 58.00 | OK | |
| r-oldrel-macos-arm64 | 0.1.0 | 9.00 | 16.00 | 25.00 | NOTE | |
| r-oldrel-macos-x86_64 | 0.1.0 | 9.00 | 24.00 | 33.00 | NOTE | |
| r-oldrel-windows-x86_64 | 0.1.0 | 14.00 | 50.00 | 64.00 | NOTE |
Version: 0.1.0
Check: LazyData
Result: NOTE
'LazyData' is specified without a 'data' directory
Flavors: r-oldrel-macos-arm64, r-oldrel-macos-x86_64, r-oldrel-windows-x86_64