Last updated on 2025-11-16 10:49:59 CET.
| Flavor | Version | Tinstall | Tcheck | Ttotal | Status | Flags |
|---|---|---|---|---|---|---|
| r-devel-linux-x86_64-debian-clang | 0.3.2 | 26.08 | 38.07 | 64.15 | OK | |
| r-devel-linux-x86_64-debian-gcc | 0.3.2 | 24.03 | 30.72 | 54.75 | NOTE | |
| r-devel-linux-x86_64-fedora-clang | 0.3.2 | 57.00 | 45.46 | 102.46 | OK | |
| r-devel-linux-x86_64-fedora-gcc | 0.3.2 | 82.00 | 53.81 | 135.81 | OK | |
| r-devel-windows-x86_64 | 0.3.2 | 62.00 | 74.00 | 136.00 | OK | |
| r-patched-linux-x86_64 | 0.3.2 | 34.76 | 34.85 | 69.61 | OK | |
| r-release-linux-x86_64 | 0.3.2 | 33.53 | 35.41 | 68.94 | OK | |
| r-release-macos-arm64 | 0.3.2 | 13.00 | 38.00 | 51.00 | OK | |
| r-release-macos-x86_64 | 0.3.2 | 13.00 | 55.00 | 68.00 | OK | |
| r-release-windows-x86_64 | 0.3.2 | 50.00 | 76.00 | 126.00 | OK | |
| r-oldrel-macos-arm64 | 0.3.2 | 14.00 | 49.00 | 63.00 | NOTE | |
| r-oldrel-macos-x86_64 | 0.3.2 | 18.00 | 92.00 | 110.00 | NOTE | |
| r-oldrel-windows-x86_64 | 0.3.2 | 51.00 | 93.00 | 144.00 | NOTE |
Version: 0.3.2
Check: CRAN incoming feasibility
Result: NOTE
Maintainer: ‘Ralf Stubner <ralf.stubner@gmail.com>’
The BugReports field in DESCRIPTION has
https://github.com/rstub/swephR/issues/
which should likely be
https://github.com/rstub/swephR/issues/issues
instead.
Flavor: r-devel-linux-x86_64-debian-gcc
Version: 0.3.2
Check: package dependencies
Result: NOTE
Package suggested but not available for checking: ‘swephRdata’
Flavors: r-oldrel-macos-arm64, r-oldrel-macos-x86_64, r-oldrel-windows-x86_64