Last updated on 2025-10-01 10:50:02 CEST.
Flavor | Version | Tinstall | Tcheck | Ttotal | Status | Flags |
---|---|---|---|---|---|---|
r-devel-linux-x86_64-debian-clang | 0.9.9 | 11.27 | 255.04 | 266.31 | OK | |
r-devel-linux-x86_64-debian-gcc | 0.9.9 | 7.87 | 178.61 | 186.48 | OK | |
r-devel-linux-x86_64-fedora-clang | 0.9.10 | 410.16 | OK | |||
r-devel-linux-x86_64-fedora-gcc | 0.9.10 | 436.96 | OK | |||
r-devel-windows-x86_64 | 0.9.9 | 13.00 | 244.00 | 257.00 | OK | |
r-patched-linux-x86_64 | 0.9.9 | 11.71 | 242.16 | 253.87 | OK | |
r-release-linux-x86_64 | 0.9.9 | 11.32 | 246.28 | 257.60 | OK | |
r-release-macos-arm64 | 0.9.9 | 122.00 | OK | |||
r-release-macos-x86_64 | 0.9.10 | 263.00 | OK | |||
r-release-windows-x86_64 | 0.9.10 | 13.00 | 232.00 | 245.00 | OK | |
r-oldrel-macos-arm64 | 0.9.9 | 129.00 | NOTE | |||
r-oldrel-macos-x86_64 | 0.9.10 | 259.00 | NOTE | |||
r-oldrel-windows-x86_64 | 0.9.10 | 16.00 | 234.00 | 250.00 | NOTE |
Version: 0.9.9
Check: installed package size
Result: NOTE
installed size is 5.2Mb
sub-directories of 1Mb or more:
doc 4.7Mb
Flavor: r-oldrel-macos-arm64
Version: 0.9.10
Check: installed package size
Result: NOTE
installed size is 5.2Mb
sub-directories of 1Mb or more:
doc 4.7Mb
Flavors: r-oldrel-macos-x86_64, r-oldrel-windows-x86_64