Last updated on 2025-10-22 09:50:54 CEST.
Flavor | Version | Tinstall | Tcheck | Ttotal | Status | Flags |
---|---|---|---|---|---|---|
r-devel-linux-x86_64-debian-clang | 0.1.7 | 3.59 | 160.93 | 164.52 | NOTE | |
r-devel-linux-x86_64-debian-gcc | 0.1.7 | 3.15 | 105.04 | 108.19 | NOTE | |
r-devel-linux-x86_64-fedora-clang | 0.1.7 | 19.00 | 250.82 | 269.82 | OK | |
r-devel-linux-x86_64-fedora-gcc | 0.1.7 | 252.93 | OK | |||
r-devel-windows-x86_64 | 0.1.7 | 6.00 | 145.00 | 151.00 | OK | |
r-patched-linux-x86_64 | 0.1.7 | 3.23 | 151.93 | 155.16 | OK | |
r-release-linux-x86_64 | 0.1.7 | 4.05 | 151.77 | 155.82 | OK | |
r-release-macos-arm64 | 0.1.7 | 2.00 | 68.00 | 70.00 | OK | |
r-release-macos-x86_64 | 0.1.7 | 6.00 | 155.00 | 161.00 | OK | |
r-release-windows-x86_64 | 0.1.7 | 5.00 | 145.00 | 150.00 | OK | |
r-oldrel-macos-arm64 | 0.1.7 | 2.00 | 74.00 | 76.00 | OK | |
r-oldrel-macos-x86_64 | 0.1.7 | 6.00 | 164.00 | 170.00 | OK | |
r-oldrel-windows-x86_64 | 0.1.7 | 8.00 | 200.00 | 208.00 | OK |
Version: 0.1.7
Check: HTML version of manual
Result: NOTE
Found the following HTML validation problems:
plot_hr_pi.html:51:1 (plot_hr_pi.Rd:13): Warning: missing </ul> before </div>
plot_km_pi.html:56:1 (plot_km_pi.Rd:16): Warning: missing </ul> before </div>
survparamsim-methods.html:67:1 (survparamsim-methods.Rd:28): Warning: missing </ul> before </div>
Flavors: r-devel-linux-x86_64-debian-clang, r-devel-linux-x86_64-debian-gcc