Last updated on 2025-10-31 09:50:32 CET.
| Flavor | Version | Tinstall | Tcheck | Ttotal | Status | Flags | 
|---|---|---|---|---|---|---|
| r-devel-linux-x86_64-debian-clang | 1.5-4 | 8.47 | 67.81 | 76.28 | NOTE | |
| r-devel-linux-x86_64-debian-gcc | 1.5-4 | 6.46 | 47.83 | 54.29 | NOTE | |
| r-devel-linux-x86_64-fedora-clang | 1.5-4 | 18.00 | 96.64 | 114.64 | NOTE | |
| r-devel-linux-x86_64-fedora-gcc | 1.5-4 | 17.00 | 101.15 | 118.15 | NOTE | |
| r-devel-windows-x86_64 | 1.5-4 | 12.00 | 110.00 | 122.00 | NOTE | |
| r-patched-linux-x86_64 | 1.5-4 | 8.30 | 63.58 | 71.88 | NOTE | |
| r-release-linux-x86_64 | 1.5-4 | 7.99 | 64.65 | 72.64 | NOTE | |
| r-release-macos-arm64 | 1.5-4 | 5.00 | 39.00 | 44.00 | NOTE | |
| r-release-macos-x86_64 | 1.5-4 | 10.00 | 75.00 | 85.00 | NOTE | |
| r-release-windows-x86_64 | 1.5-4 | 12.00 | 113.00 | 125.00 | NOTE | |
| r-oldrel-macos-arm64 | 1.5-4 | 5.00 | 38.00 | 43.00 | NOTE | |
| r-oldrel-macos-x86_64 | 1.5-4 | 14.00 | 126.00 | 140.00 | NOTE | |
| r-oldrel-windows-x86_64 | 1.5-4 | 16.00 | 126.00 | 142.00 | NOTE | 
Version: 1.5-4
Check: R code for possible problems
Result: NOTE
  efpFunctional: multiple local function definitions for ‘plotProcess’
    with different formal arguments
  mefp.efp: multiple local function definitions for ‘computeEmpProc’ with
    different formal arguments
Flavors: r-devel-linux-x86_64-debian-clang, r-devel-linux-x86_64-debian-gcc, r-devel-linux-x86_64-fedora-clang, r-devel-linux-x86_64-fedora-gcc, r-devel-windows-x86_64, r-patched-linux-x86_64, r-release-linux-x86_64, r-release-macos-arm64, r-release-macos-x86_64, r-release-windows-x86_64, r-oldrel-macos-arm64, r-oldrel-macos-x86_64, r-oldrel-windows-x86_64