Last updated on 2025-10-22 09:50:53 CEST.
Flavor | Version | Tinstall | Tcheck | Ttotal | Status | Flags |
---|---|---|---|---|---|---|
r-devel-linux-x86_64-debian-clang | 1.2.0 | 30.08 | 85.16 | 115.24 | OK | |
r-devel-linux-x86_64-debian-gcc | 1.2.0 | 21.90 | 62.56 | 84.46 | OK | |
r-devel-linux-x86_64-fedora-clang | 1.2.0 | 80.00 | 112.41 | 192.41 | OK | |
r-devel-linux-x86_64-fedora-gcc | 1.2.0 | 41.00 | 150.04 | 191.04 | OK | |
r-devel-windows-x86_64 | 1.2.0 | 36.00 | 129.00 | 165.00 | OK | |
r-patched-linux-x86_64 | 1.2.0 | 32.24 | 79.70 | 111.94 | OK | |
r-release-linux-x86_64 | 1.2.0 | 32.25 | 79.71 | 111.96 | OK | |
r-release-macos-arm64 | 1.2.0 | 14.00 | 75.00 | 89.00 | OK | |
r-release-macos-x86_64 | 1.2.0 | 20.00 | 103.00 | 123.00 | OK | |
r-release-windows-x86_64 | 1.2.0 | 37.00 | 128.00 | 165.00 | OK | |
r-oldrel-macos-arm64 | 1.2.0 | 13.00 | 69.00 | 82.00 | NOTE | |
r-oldrel-macos-x86_64 | 1.2.0 | 23.00 | 96.00 | 119.00 | NOTE | |
r-oldrel-windows-x86_64 | 1.2.0 | 39.00 | 155.00 | 194.00 | NOTE |
Version: 1.2.0
Check: installed package size
Result: NOTE
installed size is 10.0Mb
sub-directories of 1Mb or more:
doc 7.2Mb
libs 2.0Mb
Flavors: r-oldrel-macos-arm64, r-oldrel-macos-x86_64, r-oldrel-windows-x86_64