CRAN Package Check Results for Package spherepc

Last updated on 2025-09-30 10:49:00 CEST.

Flavor Version Tinstall Tcheck Ttotal Status Flags
r-devel-linux-x86_64-debian-clang 0.1.7 6.17 52.88 59.05 NOTE
r-devel-linux-x86_64-debian-gcc 0.1.7 4.88 43.29 48.17 NOTE
r-devel-linux-x86_64-fedora-clang 0.1.7 90.35 OK
r-devel-linux-x86_64-fedora-gcc 0.1.7 85.41 OK
r-devel-windows-x86_64 0.1.7 8.00 69.00 77.00 OK
r-patched-linux-x86_64 0.1.7 5.77 50.33 56.10 OK
r-release-linux-x86_64 0.1.7 5.83 51.24 57.07 OK
r-release-macos-arm64 0.1.7 30.00 OK
r-release-macos-x86_64 0.1.7 41.00 OK
r-release-windows-x86_64 0.1.7 7.00 70.00 77.00 OK
r-oldrel-macos-arm64 0.1.7 28.00 OK
r-oldrel-macos-x86_64 0.1.7 41.00 OK
r-oldrel-windows-x86_64 0.1.7 11.00 85.00 96.00 OK

Check Details

Version: 0.1.7
Check: CRAN incoming feasibility
Result: NOTE Maintainer: ‘Jongmin Lee <jongminlee9218@gmail.com>’ The Description field contains H.-S. (2020) <arXiv:2003.02578>. Please refer to arXiv e-prints via their arXiv DOI <doi:10.48550/arXiv.YYMM.NNNNN>. Flavors: r-devel-linux-x86_64-debian-clang, r-devel-linux-x86_64-debian-gcc