Last updated on 2025-11-15 11:50:59 CET.
| Flavor | Version | Tinstall | Tcheck | Ttotal | Status | Flags |
|---|---|---|---|---|---|---|
| r-devel-linux-x86_64-debian-clang | 3.1-2 | 9.04 | 83.31 | 92.35 | OK | |
| r-devel-linux-x86_64-debian-gcc | 3.1-2 | 8.52 | 65.06 | 73.58 | OK | |
| r-devel-linux-x86_64-fedora-clang | 3.1-2 | 36.00 | 114.08 | 150.08 | OK | |
| r-devel-linux-x86_64-fedora-gcc | 3.1-2 | 22.00 | 122.12 | 144.12 | OK | |
| r-devel-windows-x86_64 | 3.1-2 | 16.00 | 92.00 | 108.00 | OK | |
| r-patched-linux-x86_64 | 3.1-2 | 10.55 | 80.32 | 90.87 | OK | |
| r-release-linux-x86_64 | 3.1-2 | 9.38 | 80.86 | 90.24 | OK | |
| r-release-macos-arm64 | 3.1-2 | 6.00 | 36.00 | 42.00 | OK | |
| r-release-macos-x86_64 | 3.1-2 | 13.00 | 75.00 | 88.00 | OK | |
| r-release-windows-x86_64 | 3.1-2 | 14.00 | 89.00 | 103.00 | OK | |
| r-oldrel-macos-arm64 | 3.1-2 | 6.00 | 39.00 | 45.00 | NOTE | |
| r-oldrel-macos-x86_64 | 3.1-2 | 14.00 | 89.00 | 103.00 | NOTE | |
| r-oldrel-windows-x86_64 | 3.1-2 | 21.00 | 114.00 | 135.00 | NOTE |
Version: 3.1-2
Check: package dependencies
Result: NOTE
Depends: includes the non-default packages:
'spatstat.data', 'spatstat.sparse', 'spatstat.univar',
'spatstat.geom', 'spatstat.random', 'spatstat.explore',
'spatstat.model', 'spatstat.linnet', 'spatstat'
Adding so many packages to the search path is excessive and importing
selectively is preferable.
Flavors: r-oldrel-macos-arm64, r-oldrel-macos-x86_64, r-oldrel-windows-x86_64