Last updated on 2025-11-15 11:50:59 CET.
| Flavor | Version | Tinstall | Tcheck | Ttotal | Status | Flags |
|---|---|---|---|---|---|---|
| r-devel-linux-x86_64-debian-clang | 0.2.5 | 148.90 | 35.15 | 184.05 | NOTE | |
| r-devel-linux-x86_64-debian-gcc | 0.2.5 | 124.22 | 29.47 | 153.69 | NOTE | |
| r-devel-linux-x86_64-fedora-clang | 0.2.5 | 339.00 | -16.89 | 322.11 | NOTE | |
| r-devel-linux-x86_64-fedora-gcc | 0.2.5 | 374.00 | 34.77 | 408.77 | NOTE | |
| r-devel-windows-x86_64 | 0.2.5 | 182.00 | 85.00 | 267.00 | NOTE | |
| r-patched-linux-x86_64 | 0.2.5 | 175.40 | 32.43 | 207.83 | NOTE | |
| r-release-linux-x86_64 | 0.2.5 | 172.69 | 32.43 | 205.12 | NOTE | |
| r-release-macos-arm64 | 0.2.5 | 72.00 | 53.00 | 125.00 | NOTE | |
| r-release-macos-x86_64 | 0.2.5 | 53.00 | 48.00 | 101.00 | NOTE | |
| r-release-windows-x86_64 | 0.2.5 | 176.00 | 86.00 | 262.00 | NOTE | |
| r-oldrel-macos-arm64 | 0.2.5 | 59.00 | 27.00 | 86.00 | NOTE | |
| r-oldrel-macos-x86_64 | 0.2.5 | 38.00 | 39.00 | 77.00 | NOTE | |
| r-oldrel-windows-x86_64 | 0.2.5 | 211.00 | 104.00 | 315.00 | NOTE |
Version: 0.2.5
Check: C++ specification
Result: NOTE
Specified C++14: please drop specification unless essential
Flavors: r-devel-linux-x86_64-debian-clang, r-devel-linux-x86_64-debian-gcc, r-devel-linux-x86_64-fedora-clang, r-devel-linux-x86_64-fedora-gcc, r-devel-windows-x86_64, r-patched-linux-x86_64, r-release-linux-x86_64, r-release-macos-arm64, r-release-macos-x86_64, r-release-windows-x86_64, r-oldrel-macos-arm64, r-oldrel-macos-x86_64, r-oldrel-windows-x86_64
Version: 0.2.5
Check: installed package size
Result: NOTE
installed size is 13.0Mb
sub-directories of 1Mb or more:
doc 1.2Mb
libs 11.5Mb
Flavors: r-oldrel-macos-arm64, r-oldrel-macos-x86_64