CRAN Package Check Results for Package sparseMVN

Last updated on 2025-11-16 10:49:58 CET.

Flavor Version Tinstall Tcheck Ttotal Status Flags
r-devel-linux-x86_64-debian-clang 0.2.2 5.45 68.82 74.27 OK
r-devel-linux-x86_64-debian-gcc 0.2.2 4.51 52.93 57.44 NOTE
r-devel-linux-x86_64-fedora-clang 0.2.2 15.00 105.68 120.68 OK
r-devel-linux-x86_64-fedora-gcc 0.2.2 11.00 113.97 124.97 OK
r-devel-windows-x86_64 0.2.2 7.00 75.00 82.00 OK
r-patched-linux-x86_64 0.2.2 6.11 66.44 72.55 OK
r-release-linux-x86_64 0.2.2 6.04 65.87 71.91 OK
r-release-macos-arm64 0.2.2 3.00 50.00 53.00 OK
r-release-macos-x86_64 0.2.2 5.00 72.00 77.00 OK
r-release-windows-x86_64 0.2.2 7.00 74.00 81.00 OK
r-oldrel-macos-arm64 0.2.2 3.00 39.00 42.00 OK
r-oldrel-macos-x86_64 0.2.2 4.00 58.00 62.00 OK
r-oldrel-windows-x86_64 0.2.2 9.00 92.00 101.00 OK

Check Details

Version: 0.2.2
Check: CRAN incoming feasibility
Result: NOTE Maintainer: ‘Michael Braun <braunm@smu.edu>’ The BugReports field in DESCRIPTION has https://github.com/braunm/sparseMVN/issues/ which should likely be https://github.com/braunm/sparseMVN/issues/issues instead. Flavor: r-devel-linux-x86_64-debian-gcc