Last updated on 2025-10-22 09:50:53 CEST.
Flavor | Version | Tinstall | Tcheck | Ttotal | Status | Flags |
---|---|---|---|---|---|---|
r-devel-linux-x86_64-debian-clang | 0.2.2 | 7.27 | 78.26 | 85.53 | NOTE | |
r-devel-linux-x86_64-debian-gcc | 0.2.2 | 4.74 | 58.63 | 63.37 | NOTE | |
r-devel-linux-x86_64-fedora-clang | 0.2.2 | 39.00 | 96.22 | 135.22 | OK | |
r-devel-linux-x86_64-fedora-gcc | 0.2.2 | 14.00 | 123.42 | 137.42 | OK | |
r-devel-windows-x86_64 | 0.2.2 | 9.00 | 110.00 | 119.00 | OK | |
r-patched-linux-x86_64 | 0.2.2 | 7.55 | 74.37 | 81.92 | OK | |
r-release-linux-x86_64 | 0.2.2 | 5.91 | 74.87 | 80.78 | OK | |
r-release-macos-arm64 | 0.2.2 | 3.00 | 52.00 | 55.00 | OK | |
r-release-macos-x86_64 | 0.2.2 | 7.00 | 90.00 | 97.00 | OK | |
r-release-windows-x86_64 | 0.2.2 | 10.00 | 113.00 | 123.00 | OK | |
r-oldrel-macos-arm64 | 0.2.2 | 3.00 | 50.00 | 53.00 | OK | |
r-oldrel-macos-x86_64 | 0.2.2 | 5.00 | 74.00 | 79.00 | OK | |
r-oldrel-windows-x86_64 | 0.2.2 | 12.00 | 130.00 | 142.00 | OK |
Version: 0.2.2
Check: HTML version of manual
Result: NOTE
Found the following HTML validation problems:
sdf_utils.html:56:1 (sdf_utils.Rd:15): Warning: missing </ul> before </div>
summarizers.html:78:1 (summarizers.Rd:36): Warning: missing </ul> before </div>
Flavors: r-devel-linux-x86_64-debian-clang, r-devel-linux-x86_64-debian-gcc