Last updated on 2025-10-22 09:50:52 CEST.
Flavor | Version | Tinstall | Tcheck | Ttotal | Status | Flags |
---|---|---|---|---|---|---|
r-devel-linux-x86_64-debian-clang | 0.5.0 | 3.83 | 55.06 | 58.89 | NOTE | |
r-devel-linux-x86_64-debian-gcc | 0.5.0 | 3.45 | 43.25 | 46.70 | NOTE | |
r-devel-linux-x86_64-fedora-clang | 0.5.0 | 21.00 | 76.66 | 97.66 | OK | |
r-devel-linux-x86_64-fedora-gcc | 0.5.0 | 103.58 | OK | |||
r-devel-windows-x86_64 | 0.5.0 | 6.00 | 87.00 | 93.00 | OK | |
r-patched-linux-x86_64 | 0.5.0 | 3.98 | 53.10 | 57.08 | OK | |
r-release-linux-x86_64 | 0.5.0 | 4.07 | 52.39 | 56.46 | OK | |
r-release-macos-arm64 | 0.5.0 | 3.00 | 70.00 | 73.00 | OK | |
r-release-macos-x86_64 | 0.5.0 | 7.00 | 85.00 | 92.00 | OK | |
r-release-windows-x86_64 | 0.5.0 | 8.00 | 88.00 | 96.00 | OK | |
r-oldrel-macos-arm64 | 0.5.0 | 2.00 | 50.00 | 52.00 | OK | |
r-oldrel-macos-x86_64 | 0.5.0 | 3.00 | 65.00 | 68.00 | OK | |
r-oldrel-windows-x86_64 | 0.5.0 | 9.00 | 96.00 | 105.00 | OK |
Version: 0.5.0
Check: HTML version of manual
Result: NOTE
Found the following HTML validation problems:
render_sortable.html:55:1 (render_sortable.Rd:15): Warning: missing </ul> before </div>
sortable_output.html:58:1 (sortable_output.Rd:18): Warning: missing </ul> before </div>
Flavors: r-devel-linux-x86_64-debian-clang, r-devel-linux-x86_64-debian-gcc