Last updated on 2025-11-15 11:50:58 CET.
| Flavor | Version | Tinstall | Tcheck | Ttotal | Status | Flags |
|---|---|---|---|---|---|---|
| r-devel-linux-x86_64-debian-clang | 0.3.2 | 8.69 | 99.14 | 107.83 | WARN | |
| r-devel-linux-x86_64-debian-gcc | 0.3.2 | 6.51 | 69.94 | 76.45 | WARN | |
| r-devel-linux-x86_64-fedora-clang | 0.3.2 | 30.00 | 145.22 | 175.22 | WARN | |
| r-devel-linux-x86_64-fedora-gcc | 0.3.3 | 36.00 | 153.03 | 189.03 | OK | |
| r-devel-windows-x86_64 | 0.3.2 | 20.00 | 111.00 | 131.00 | WARN | |
| r-patched-linux-x86_64 | 0.3.2 | 9.19 | 92.95 | 102.14 | NOTE | |
| r-release-linux-x86_64 | 0.3.2 | 7.98 | 93.89 | 101.87 | NOTE | |
| r-release-macos-arm64 | 0.3.2 | 7.00 | 98.00 | 105.00 | NOTE | |
| r-release-macos-x86_64 | 0.3.3 | 10.00 | 116.00 | 126.00 | OK | |
| r-release-windows-x86_64 | 0.3.2 | 17.00 | 111.00 | 128.00 | NOTE | |
| r-oldrel-macos-arm64 | 0.3.2 | 5.00 | 53.00 | 58.00 | OK | |
| r-oldrel-macos-x86_64 | 0.3.3 | 7.00 | 175.00 | 182.00 | OK | |
| r-oldrel-windows-x86_64 | 0.3.2 | 22.00 | 139.00 | 161.00 | OK |
Version: 0.3.2
Check: compiled code
Result: WARN
File ‘slider/libs/slider.so’:
Found non-API call to R: ‘OBJECT’
This entry point may be removed soon.
Compiled code should not call non-API entry points in R.
See ‘Writing portable packages’ in the ‘Writing R Extensions’ manual,
and section ‘Moving into C API compliance’ for issues with the use of
non-API entry points.
Flavors: r-devel-linux-x86_64-debian-clang, r-devel-linux-x86_64-debian-gcc, r-devel-linux-x86_64-fedora-clang
Version: 0.3.2
Check: compiled code
Result: WARN
File 'slider/libs/x64/slider.dll':
Found non-API call to R: 'OBJECT'
This entry point may be removed soon.
Compiled code should not call non-API entry points in R.
See 'Writing portable packages' in the 'Writing R Extensions' manual,
and section 'Moving into C API compliance' for issues with the use of
non-API entry points.
Flavor: r-devel-windows-x86_64
Version: 0.3.2
Check: compiled code
Result: NOTE
File ‘slider/libs/slider.so’:
Found non-API call to R: ‘OBJECT’
Compiled code should not call non-API entry points in R.
See ‘Writing portable packages’ in the ‘Writing R Extensions’ manual,
and section ‘Moving into C API compliance’ for issues with the use of
non-API entry points.
Flavors: r-patched-linux-x86_64, r-release-linux-x86_64, r-release-macos-arm64
Version: 0.3.2
Check: compiled code
Result: NOTE
File 'slider/libs/x64/slider.dll':
Found non-API call to R: 'OBJECT'
Compiled code should not call non-API entry points in R.
See 'Writing portable packages' in the 'Writing R Extensions' manual,
and section 'Moving into C API compliance' for issues with the use of
non-API entry points.
Flavor: r-release-windows-x86_64