CRAN Package Check Results for Package sketcher

Last updated on 2025-11-16 10:49:58 CET.

Flavor Version Tinstall Tcheck Ttotal Status Flags
r-devel-linux-x86_64-debian-clang 0.1.3 4.32 33.18 37.50 OK
r-devel-linux-x86_64-debian-gcc 0.1.3 3.79 26.38 30.17 NOTE
r-devel-linux-x86_64-fedora-clang 0.1.3 56.83 NOTE
r-devel-linux-x86_64-fedora-gcc 0.1.3 28.00 30.98 58.98 NOTE
r-devel-windows-x86_64 0.1.3 9.00 50.00 59.00 OK
r-patched-linux-x86_64 0.1.3 4.61 32.09 36.70 OK
r-release-linux-x86_64 0.1.3 3.69 31.86 35.55 OK
r-release-macos-arm64 0.1.3 3.00 21.00 24.00 OK
r-release-macos-x86_64 0.1.3 7.00 34.00 41.00 OK
r-release-windows-x86_64 0.1.3 7.00 49.00 56.00 OK
r-oldrel-macos-arm64 0.1.3 3.00 19.00 22.00 OK
r-oldrel-macos-x86_64 0.1.3 4.00 30.00 34.00 OK
r-oldrel-windows-x86_64 0.1.3 10.00 57.00 67.00 OK

Check Details

Version: 0.1.3
Check: CRAN incoming feasibility
Result: NOTE Maintainer: ‘Hiroyuki Tsuda <tsuda16k@gmail.com>’ The BugReports field in DESCRIPTION has https://github.com/tsuda16k/sketcher/issues/ which should likely be https://github.com/tsuda16k/sketcher/issues/issues instead. Flavor: r-devel-linux-x86_64-debian-gcc

Version: 0.1.3
Check: dependencies in R code
Result: NOTE Namespaces in Imports field not imported from: ‘dplyr’ ‘methods’ All declared Imports should be used. Flavors: r-devel-linux-x86_64-fedora-clang, r-devel-linux-x86_64-fedora-gcc