Last updated on 2025-10-31 09:50:30 CET.
| Flavor | Version | Tinstall | Tcheck | Ttotal | Status | Flags | 
|---|---|---|---|---|---|---|
| r-devel-linux-x86_64-debian-clang | 1.3.0 | 9.10 | 57.25 | 66.35 | NOTE | |
| r-devel-linux-x86_64-debian-gcc | 1.3.0 | 5.90 | 39.52 | 45.42 | NOTE | |
| r-devel-linux-x86_64-fedora-clang | 1.3.0 | 29.00 | 77.91 | 106.91 | OK | |
| r-devel-linux-x86_64-fedora-gcc | 1.3.0 | 65.00 | 61.10 | 126.10 | OK | |
| r-devel-windows-x86_64 | 1.3.0 | 10.00 | 66.00 | 76.00 | OK | |
| r-patched-linux-x86_64 | 1.3.0 | 11.14 | 51.82 | 62.96 | OK | |
| r-release-linux-x86_64 | 1.3.0 | 10.74 | 52.94 | 63.68 | OK | |
| r-release-macos-arm64 | 1.3.0 | 5.00 | 30.00 | 35.00 | OK | |
| r-release-macos-x86_64 | 1.3.0 | 8.00 | 58.00 | 66.00 | OK | |
| r-release-windows-x86_64 | 1.3.0 | 11.00 | 67.00 | 78.00 | OK | |
| r-oldrel-macos-arm64 | 1.3.0 | 5.00 | 28.00 | 33.00 | OK | |
| r-oldrel-macos-x86_64 | 1.3.0 | 8.00 | 46.00 | 54.00 | OK | |
| r-oldrel-windows-x86_64 | 1.3.0 | 12.00 | 80.00 | 92.00 | OK | 
Version: 1.3.0
Check: CRAN incoming feasibility
Result: NOTE
  Maintainer: ‘Samuel Fernandes <samuelf@illinois.edu>’
  
  Package CITATION file contains call(s) to old-style citEntry().  Please
  use bibentry() instead.
Flavors: r-devel-linux-x86_64-debian-clang, r-devel-linux-x86_64-debian-gcc