Last updated on 2025-11-15 11:50:58 CET.
| Flavor | Version | Tinstall | Tcheck | Ttotal | Status | Flags |
|---|---|---|---|---|---|---|
| r-devel-linux-x86_64-debian-clang | 1.0.6 | 60.21 | 119.66 | 179.87 | OK | |
| r-devel-linux-x86_64-debian-gcc | 1.0.6 | 37.93 | 84.05 | 121.98 | OK | |
| r-devel-linux-x86_64-fedora-clang | 1.0.6 | 157.00 | 166.81 | 323.81 | OK | |
| r-devel-linux-x86_64-fedora-gcc | 1.0.6 | 204.00 | 113.59 | 317.59 | OK | |
| r-devel-windows-x86_64 | 1.0.6 | 77.00 | 148.00 | 225.00 | OK | |
| r-patched-linux-x86_64 | 1.0.6 | 57.62 | 113.83 | 171.45 | OK | |
| r-release-linux-x86_64 | 1.0.6 | 55.26 | 114.81 | 170.07 | OK | |
| r-release-macos-arm64 | 1.0.6 | 26.00 | 75.00 | 101.00 | OK | |
| r-release-macos-x86_64 | 1.0.6 | 28.00 | 132.00 | 160.00 | OK | |
| r-release-windows-x86_64 | 1.0.6 | 69.00 | 150.00 | 219.00 | OK | |
| r-oldrel-macos-arm64 | 1.0.6 | 24.00 | 72.00 | 96.00 | NOTE | |
| r-oldrel-macos-x86_64 | 1.0.6 | 27.00 | 138.00 | 165.00 | OK | |
| r-oldrel-windows-x86_64 | 1.0.6 | 83.00 | 183.00 | 266.00 | OK |
Version: 1.0.6
Check: installed package size
Result: NOTE
installed size is 5.1Mb
sub-directories of 1Mb or more:
libs 3.5Mb
Flavor: r-oldrel-macos-arm64