Last updated on 2025-10-22 09:50:52 CEST.
Flavor | Version | Tinstall | Tcheck | Ttotal | Status | Flags |
---|---|---|---|---|---|---|
r-devel-linux-x86_64-debian-clang | 1.8-1 | 6.62 | 43.18 | 49.80 | OK | |
r-devel-linux-x86_64-debian-gcc | 1.8-1 | 4.51 | 31.26 | 35.77 | OK | |
r-devel-linux-x86_64-fedora-clang | 1.8-1 | 14.00 | 57.53 | 71.53 | NOTE | |
r-devel-linux-x86_64-fedora-gcc | 1.8-1 | 13.00 | 55.19 | 68.19 | NOTE | |
r-devel-windows-x86_64 | 1.8-1 | 9.00 | 75.00 | 84.00 | OK | |
r-patched-linux-x86_64 | 1.8-1 | 6.10 | 40.38 | 46.48 | OK | |
r-release-linux-x86_64 | 1.8-1 | 4.95 | 40.62 | 45.57 | OK | |
r-release-macos-arm64 | 1.8-1 | 5.00 | 27.00 | 32.00 | OK | |
r-release-macos-x86_64 | 1.8-1 | 7.00 | 42.00 | 49.00 | OK | |
r-release-windows-x86_64 | 1.8-1 | 13.00 | 77.00 | 90.00 | OK | |
r-oldrel-macos-arm64 | 1.8-1 | 4.00 | 28.00 | 32.00 | OK | |
r-oldrel-macos-x86_64 | 1.8-1 | 22.00 | 74.00 | 96.00 | OK | |
r-oldrel-windows-x86_64 | 1.8-1 | 11.00 | 83.00 | 94.00 | OK |
Version: 1.8-1
Check: compiled code
Result: NOTE
File ‘signal/libs/signal.so’:
Found no calls to: ‘R_registerRoutines’, ‘R_useDynamicSymbols’
It is good practice to register native routines and to disable symbol
search.
See ‘Writing portable packages’ in the ‘Writing R Extensions’ manual.
Flavors: r-devel-linux-x86_64-fedora-clang, r-devel-linux-x86_64-fedora-gcc