CRAN Package Check Results for Package shinyEffects

Last updated on 2025-10-22 09:50:52 CEST.

Flavor Version Tinstall Tcheck Ttotal Status Flags
r-devel-linux-x86_64-debian-clang 0.2.0 2.90 33.10 36.00 NOTE
r-devel-linux-x86_64-debian-gcc 0.2.0 2.10 25.52 27.62 NOTE
r-devel-linux-x86_64-fedora-clang 0.2.0 52.10 OK
r-devel-linux-x86_64-fedora-gcc 0.2.0 51.34 OK
r-devel-windows-x86_64 0.2.0 5.00 50.00 55.00 OK
r-patched-linux-x86_64 0.2.0 2.77 30.52 33.29 OK
r-release-linux-x86_64 0.2.0 2.70 30.42 33.12 OK
r-release-macos-arm64 0.2.0 2.00 21.00 23.00 OK
r-release-macos-x86_64 0.2.0 2.00 33.00 35.00 OK
r-release-windows-x86_64 0.2.0 6.00 51.00 57.00 OK
r-oldrel-macos-arm64 0.2.0 1.00 19.00 20.00 OK
r-oldrel-macos-x86_64 0.2.0 2.00 27.00 29.00 OK
r-oldrel-windows-x86_64 0.2.0 7.00 60.00 67.00 OK

Check Details

Version: 0.2.0
Check: HTML version of manual
Result: NOTE Found the following HTML validation problems: blurContainer.html:46:1 (blurContainer.Rd:10): Warning: missing </ul> before </div> Flavors: r-devel-linux-x86_64-debian-clang, r-devel-linux-x86_64-debian-gcc