Last updated on 2025-10-23 10:48:55 CEST.
Flavor | Version | Tinstall | Tcheck | Ttotal | Status | Flags |
---|---|---|---|---|---|---|
r-devel-linux-x86_64-debian-clang | 1.4.8 | 11.98 | 125.84 | 137.82 | NOTE | |
r-devel-linux-x86_64-debian-gcc | 1.4.8 | 7.74 | 95.88 | 103.62 | OK | |
r-devel-linux-x86_64-fedora-clang | 1.4.8 | 54.00 | 165.89 | 219.89 | OK | |
r-devel-linux-x86_64-fedora-gcc | 1.4.8 | 26.00 | 168.75 | 194.75 | OK | |
r-devel-windows-x86_64 | 1.4.8 | 14.00 | 156.00 | 170.00 | OK | |
r-patched-linux-x86_64 | 1.4.8 | 14.37 | 115.43 | 129.80 | OK | |
r-release-linux-x86_64 | 1.4.8 | 11.52 | 118.70 | 130.22 | OK | |
r-release-macos-arm64 | 1.4.8 | 5.00 | 55.00 | 60.00 | OK | |
r-release-macos-x86_64 | 1.4.8 | 10.00 | 88.00 | 98.00 | OK | |
r-release-windows-x86_64 | 1.4.8 | 15.00 | 155.00 | 170.00 | OK | |
r-oldrel-macos-arm64 | 1.4.8 | 5.00 | 60.00 | 65.00 | NOTE | |
r-oldrel-macos-x86_64 | 1.4.8 | 9.00 | 97.00 | 106.00 | NOTE | |
r-oldrel-windows-x86_64 | 1.4.8 | 20.00 | 192.00 | 212.00 | NOTE |
Version: 1.4.8
Check: HTML version of manual
Result: NOTE
Found the following HTML validation problems:
CheckDataRegression.html:68:1 (CheckDataRegression.Rd:24): Warning: missing </ul> before </div>
CheckInputClustering.html:107:1 (CheckInputClustering.Rd:53): Warning: missing </ul> before </div>
CheckInputGraphical.html:209:1 (CheckInputGraphical.Rd:131): Warning: missing </ul> before </div>
CheckPackageInstalled.html:46:1 (CheckPackageInstalled.Rd:10): Warning: missing </ul> before </div>
CheckParamRegression.html:151:1 (CheckParamRegression.Rd:87): Warning: missing </ul> before </div>
Flavor: r-devel-linux-x86_64-debian-clang
Version: 1.4.8
Check: package dependencies
Result: NOTE
Package suggested but not available for checking: ‘rCOSA’
Flavors: r-oldrel-macos-arm64, r-oldrel-macos-x86_64, r-oldrel-windows-x86_64
Version: 1.4.8
Check: Rd cross-references
Result: NOTE
Package unavailable to check Rd xrefs: ‘rCOSA’
Flavors: r-oldrel-macos-arm64, r-oldrel-macos-x86_64, r-oldrel-windows-x86_64