Last updated on 2025-11-22 09:50:06 CET.
| Flavor | Version | Tinstall | Tcheck | Ttotal | Status | Flags |
|---|---|---|---|---|---|---|
| r-devel-linux-x86_64-debian-clang | 1.0.2 | 7.28 | 83.58 | 90.86 | NOTE | |
| r-devel-linux-x86_64-debian-gcc | 1.0.2 | 5.79 | 62.34 | 68.13 | NOTE | |
| r-devel-linux-x86_64-fedora-clang | 1.0.2 | 15.00 | 126.64 | 141.64 | OK | |
| r-devel-linux-x86_64-fedora-gcc | 1.0.2 | 17.00 | 130.83 | 147.83 | OK | |
| r-devel-windows-x86_64 | 1.0.2 | 9.00 | 85.00 | 94.00 | OK | |
| r-patched-linux-x86_64 | 1.0.2 | 7.74 | 77.30 | 85.04 | OK | |
| r-release-linux-x86_64 | 1.0.2 | 6.15 | 77.71 | 83.86 | OK | |
| r-release-macos-arm64 | 1.0.2 | OK | ||||
| r-release-macos-x86_64 | 1.0.2 | 6.00 | 83.00 | 89.00 | OK | |
| r-release-windows-x86_64 | 1.0.2 | 8.00 | 83.00 | 91.00 | OK | |
| r-oldrel-macos-arm64 | 1.0.2 | OK | ||||
| r-oldrel-macos-x86_64 | 1.0.2 | 5.00 | 63.00 | 68.00 | OK | |
| r-oldrel-windows-x86_64 | 1.0.2 | 12.00 | 108.00 | 120.00 | OK |
Version: 1.0.2
Check: CRAN incoming feasibility
Result: NOTE
Maintainer: ‘Danilo C Vieira <vieiradc@yahoo.com.br>’
No Authors@R field in DESCRIPTION.
Please add one, modifying
Authors@R: c(person(given = c("Danilo", "C"),
family = "Vieira",
role = c("aut", "cre"),
email = "vieiradc@yahoo.com.br"),
person(given = "Gustavo",
family = "Fonseca",
role = "aut",
email = "gfonseca.unifesp@gmail.com"),
person(given = c("Fabio", "Cop"),
family = "Ferreira",
role = "aut",
email = "fabiocferreira.unifesp@gmail.com"),
person(given = c("with", "contributions", "from", "Marco", "Colossi"),
family = "Brustolin.",
role = "aut"))
as necessary.
Flavors: r-devel-linux-x86_64-debian-clang, r-devel-linux-x86_64-debian-gcc