Last updated on 2025-10-22 09:50:51 CEST.
Flavor | Version | Tinstall | Tcheck | Ttotal | Status | Flags |
---|---|---|---|---|---|---|
r-devel-linux-x86_64-debian-clang | 1.0.1 | 2.62 | 35.29 | 37.91 | NOTE | |
r-devel-linux-x86_64-debian-gcc | 1.0.1 | 1.93 | 28.21 | 30.14 | NOTE | |
r-devel-linux-x86_64-fedora-clang | 1.0.1 | 56.59 | NOTE | |||
r-devel-linux-x86_64-fedora-gcc | 1.0.1 | 67.85 | NOTE | |||
r-devel-windows-x86_64 | 1.0.1 | 5.00 | 51.00 | 56.00 | NOTE | |
r-patched-linux-x86_64 | 1.0.1 | 2.52 | 31.57 | 34.09 | NOTE | |
r-release-linux-x86_64 | 1.0.1 | 2.64 | 31.96 | 34.60 | NOTE | |
r-release-macos-arm64 | 1.0.1 | 2.00 | 35.00 | 37.00 | NOTE | |
r-release-macos-x86_64 | 1.0.1 | 2.00 | 46.00 | 48.00 | NOTE | |
r-release-windows-x86_64 | 1.0.1 | 5.00 | 52.00 | 57.00 | NOTE | |
r-oldrel-macos-arm64 | 1.0.1 | 1.00 | 23.00 | 24.00 | NOTE | |
r-oldrel-macos-x86_64 | 1.0.1 | 2.00 | 38.00 | 40.00 | NOTE | |
r-oldrel-windows-x86_64 | 1.0.1 | 6.00 | 60.00 | 66.00 | NOTE |
Version: 1.0.1
Check: Rd files
Result: NOTE
checkRd: (-1) scatterD3.Rd:209: Lost braces; missing escapes or markup?
209 | {https://github.com/skokenes/D3-Lasso-Plugin}{d3-lasso-plugin} feature}
| ^
checkRd: (-1) scatterD3.Rd:209: Lost braces
209 | {https://github.com/skokenes/D3-Lasso-Plugin}{d3-lasso-plugin} feature}
| ^
Flavors: r-devel-linux-x86_64-debian-clang, r-devel-linux-x86_64-debian-gcc, r-devel-linux-x86_64-fedora-clang, r-devel-linux-x86_64-fedora-gcc, r-devel-windows-x86_64, r-patched-linux-x86_64, r-release-linux-x86_64, r-release-macos-arm64, r-release-macos-x86_64, r-release-windows-x86_64, r-oldrel-macos-arm64, r-oldrel-macos-x86_64, r-oldrel-windows-x86_64
Version: 1.0.1
Check: HTML version of manual
Result: NOTE
Found the following HTML validation problems:
scatterD3-shiny.html:68:1 (scatterD3-shiny.Rd:25): Warning: missing </ul> before </div>
Flavors: r-devel-linux-x86_64-debian-clang, r-devel-linux-x86_64-debian-gcc