Last updated on 2025-11-24 09:50:45 CET.
| Flavor | Version | Tinstall | Tcheck | Ttotal | Status | Flags |
|---|---|---|---|---|---|---|
| r-devel-linux-x86_64-debian-clang | 2.0.0 | 3.11 | 30.69 | 33.80 | OK | |
| r-devel-linux-x86_64-debian-gcc | 2.0.0 | 2.32 | 24.16 | 26.48 | OK | |
| r-devel-linux-x86_64-fedora-clang | 2.0.0 | 53.18 | OK | |||
| r-devel-linux-x86_64-fedora-gcc | 2.0.0 | 51.25 | OK | |||
| r-devel-windows-x86_64 | 2.0.0 | 6.00 | 49.00 | 55.00 | OK | |
| r-patched-linux-x86_64 | 2.0.0 | 3.04 | 28.79 | 31.83 | OK | |
| r-release-linux-x86_64 | 2.0.0 | 2.94 | 28.78 | 31.72 | OK | |
| r-release-macos-arm64 | 2.0.0 | OK | ||||
| r-release-macos-x86_64 | 2.0.0 | 4.00 | 43.00 | 47.00 | OK | |
| r-release-windows-x86_64 | 2.0.0 | 5.00 | 97.00 | 102.00 | OK | |
| r-oldrel-macos-arm64 | 2.0.0 | NOTE | ||||
| r-oldrel-macos-x86_64 | 2.0.0 | 2.00 | 33.00 | 35.00 | NOTE | |
| r-oldrel-windows-x86_64 | 2.0.0 | 6.00 | 56.00 | 62.00 | NOTE |
Version: 2.0.0
Check: package dependencies
Result: NOTE
Packages suggested but not available for checking:
'networkTomography', 'org.Sc.sgd.db'
Flavors: r-oldrel-macos-arm64, r-oldrel-macos-x86_64
Version: 2.0.0
Check: package dependencies
Result: NOTE
Package suggested but not available for checking: 'networkTomography'
Flavor: r-oldrel-windows-x86_64