Last updated on 2025-11-20 11:51:23 CET.
| Flavor | Version | Tinstall | Tcheck | Ttotal | Status | Flags |
|---|---|---|---|---|---|---|
| r-devel-linux-x86_64-debian-clang | 1.1.1 | 5.19 | 52.79 | 57.98 | OK | |
| r-devel-linux-x86_64-debian-gcc | 1.1.1 | 3.23 | 39.14 | 42.37 | OK | |
| r-devel-linux-x86_64-fedora-clang | 1.1.1 | 12.00 | 76.56 | 88.56 | NOTE | |
| r-devel-linux-x86_64-fedora-gcc | 1.1.1 | 17.00 | 84.13 | 101.13 | NOTE | |
| r-devel-windows-x86_64 | 1.1.1 | 9.00 | 64.00 | 73.00 | OK | |
| r-patched-linux-x86_64 | 1.1.1 | 4.41 | 47.67 | 52.08 | OK | |
| r-release-linux-x86_64 | 1.1.1 | 4.89 | 47.55 | 52.44 | OK | |
| r-release-macos-arm64 | 1.1.1 | OK | ||||
| r-release-macos-x86_64 | 1.1.1 | 4.00 | 71.00 | 75.00 | OK | |
| r-release-windows-x86_64 | 1.1.1 | 10.00 | 62.00 | 72.00 | OK | |
| r-oldrel-macos-arm64 | 1.1.1 | OK | ||||
| r-oldrel-macos-x86_64 | 1.1.1 | 5.00 | 59.00 | 64.00 | OK | |
| r-oldrel-windows-x86_64 | 1.1.1 | 9.00 | 75.00 | 84.00 | OK |
Version: 1.1.1
Check: dependencies in R code
Result: NOTE
Namespace in Imports field not imported from: ‘base’
All declared Imports should be used.
Flavors: r-devel-linux-x86_64-fedora-clang, r-devel-linux-x86_64-fedora-gcc