Last updated on 2025-10-31 09:50:29 CET.
| Flavor | Version | Tinstall | Tcheck | Ttotal | Status | Flags | 
|---|---|---|---|---|---|---|
| r-devel-linux-x86_64-debian-clang | 1.2 | 9.02 | 47.50 | 56.52 | NOTE | |
| r-devel-linux-x86_64-debian-gcc | 1.2 | 6.18 | 35.93 | 42.11 | NOTE | |
| r-devel-linux-x86_64-fedora-clang | 1.2 | 19.00 | 69.07 | 88.07 | NOTE | |
| r-devel-linux-x86_64-fedora-gcc | 1.2 | 18.00 | 81.04 | 99.04 | NOTE | |
| r-devel-windows-x86_64 | 1.2 | 8.00 | 66.00 | 74.00 | NOTE | |
| r-patched-linux-x86_64 | 1.2 | 9.80 | 46.03 | 55.83 | NOTE | |
| r-release-linux-x86_64 | 1.2 | 8.82 | 45.81 | 54.63 | NOTE | |
| r-release-macos-arm64 | 1.2 | 4.00 | 39.00 | 43.00 | NOTE | |
| r-release-macos-x86_64 | 1.2 | 9.00 | 53.00 | 62.00 | NOTE | |
| r-release-windows-x86_64 | 1.2 | 8.00 | 67.00 | 75.00 | NOTE | |
| r-oldrel-macos-arm64 | 1.2 | 4.00 | 48.00 | 52.00 | OK | |
| r-oldrel-macos-x86_64 | 1.2 | 8.00 | 93.00 | 101.00 | OK | |
| r-oldrel-windows-x86_64 | 1.2 | 11.00 | 78.00 | 89.00 | OK | 
Version: 1.2
Check: DESCRIPTION meta-information
Result: NOTE
    Missing dependency on R >= 4.1.0 because package code uses the pipe
    |> or function shorthand \(...) syntax added in R 4.1.0.
    File(s) using such syntax:
      ‘class-2-differential.r’ ‘dual-apply.r’ ‘dual-math.r’
      ‘dual-summary.r’ ‘dual-test-near-equality.r’ ‘dual.r’ ‘dualFun1.Rd’
Flavors: r-devel-linux-x86_64-debian-clang, r-devel-linux-x86_64-debian-gcc, r-devel-linux-x86_64-fedora-clang, r-devel-linux-x86_64-fedora-gcc, r-devel-windows-x86_64, r-patched-linux-x86_64, r-release-linux-x86_64, r-release-macos-arm64, r-release-macos-x86_64, r-release-windows-x86_64