Last updated on 2025-10-25 09:49:43 CEST.
| Flavor | Version | Tinstall | Tcheck | Ttotal | Status | Flags |
|---|---|---|---|---|---|---|
| r-devel-linux-x86_64-debian-clang | 0.1.1 | 3.82 | 48.89 | 52.71 | NOTE | |
| r-devel-linux-x86_64-debian-gcc | 0.1.1 | 2.94 | 36.45 | 39.39 | NOTE | |
| r-devel-linux-x86_64-fedora-clang | 0.1.1 | 79.56 | OK | |||
| r-devel-linux-x86_64-fedora-gcc | 0.1.1 | 11.00 | 81.44 | 92.44 | OK | |
| r-devel-windows-x86_64 | 0.1.1 | 6.00 | 61.00 | 67.00 | OK | |
| r-patched-linux-x86_64 | 0.1.1 | 4.17 | 45.24 | 49.41 | OK | |
| r-release-linux-x86_64 | 0.1.1 | 3.70 | 44.84 | 48.54 | OK | |
| r-release-macos-arm64 | 0.1.1 | 2.00 | 34.00 | 36.00 | OK | |
| r-release-macos-x86_64 | 0.1.1 | 4.00 | 59.00 | 63.00 | OK | |
| r-release-windows-x86_64 | 0.1.1 | 6.00 | 63.00 | 69.00 | OK | |
| r-oldrel-macos-arm64 | 0.1.1 | 2.00 | 27.00 | 29.00 | OK | |
| r-oldrel-macos-x86_64 | 0.1.1 | 3.00 | 44.00 | 47.00 | OK | |
| r-oldrel-windows-x86_64 | 0.1.1 | 8.00 | 76.00 | 84.00 | OK |
Version: 0.1.1
Check: CRAN incoming feasibility
Result: NOTE
Maintainer: ‘Velia Tri Marliana <221810642@stis.ac.id>’
No Authors@R field in DESCRIPTION.
Please add one, modifying
Authors@R: c(person(given = c("Velia", "Tri"),
family = "Marliana",
role = c("aut", "cre"),
email = "221810642@stis.ac.id"),
person(given = "Azka",
family = "Ubaidillah",
role = "aut"))
as necessary.
Flavors: r-devel-linux-x86_64-debian-clang, r-devel-linux-x86_64-debian-gcc