Last updated on 2025-10-22 09:50:54 CEST.
Flavor | Version | Tinstall | Tcheck | Ttotal | Status | Flags |
---|---|---|---|---|---|---|
r-devel-linux-x86_64-debian-clang | 0.1.8 | 6.05 | 99.04 | 105.09 | NOTE | |
r-devel-linux-x86_64-debian-gcc | 0.1.8 | 4.42 | 70.34 | 74.76 | NOTE | |
r-devel-linux-x86_64-fedora-clang | 0.1.8 | 12.00 | 146.07 | 158.07 | OK | |
r-devel-linux-x86_64-fedora-gcc | 0.1.8 | 14.00 | 159.39 | 173.39 | OK | |
r-devel-windows-x86_64 | 0.1.8 | 8.00 | 119.00 | 127.00 | OK | |
r-patched-linux-x86_64 | 0.1.8 | 4.91 | 95.55 | 100.46 | OK | |
r-release-linux-x86_64 | 0.1.8 | 6.24 | 96.59 | 102.83 | OK | |
r-release-macos-arm64 | 0.1.8 | 3.00 | 55.00 | 58.00 | OK | |
r-release-macos-x86_64 | 0.1.8 | 6.00 | 114.00 | 120.00 | OK | |
r-release-windows-x86_64 | 0.1.8 | 8.00 | 122.00 | 130.00 | OK | |
r-oldrel-macos-arm64 | 0.1.8 | 3.00 | 65.00 | 68.00 | OK | |
r-oldrel-macos-x86_64 | 0.1.8 | 4.00 | 134.00 | 138.00 | OK | |
r-oldrel-windows-x86_64 | 0.1.8 | 11.00 | 157.00 | 168.00 | OK |
Version: 0.1.8
Check: HTML version of manual
Result: NOTE
Found the following HTML validation problems:
str.sValues.html:56:1 (str.sValues.Rd:15): Warning: missing </ul> before </div>
summary.sValues.html:51:1 (summary.sValues.Rd:12): Warning: missing </ul> before </div>
Flavors: r-devel-linux-x86_64-debian-clang, r-devel-linux-x86_64-debian-gcc