Last updated on 2025-11-22 09:50:05 CET.
| Flavor | Version | Tinstall | Tcheck | Ttotal | Status | Flags |
|---|---|---|---|---|---|---|
| r-devel-linux-x86_64-debian-clang | 3.1-40 | 5.71 | 54.83 | 60.54 | NOTE | |
| r-devel-linux-x86_64-debian-gcc | 3.1-40 | 3.24 | 41.16 | 44.40 | NOTE | |
| r-devel-linux-x86_64-fedora-clang | 3.1-40 | 11.00 | 79.32 | 90.32 | NOTE | |
| r-devel-linux-x86_64-fedora-gcc | 3.1-40 | 25.00 | 67.61 | 92.61 | NOTE | |
| r-devel-windows-x86_64 | 3.1-40 | 12.00 | 79.00 | 91.00 | NOTE | |
| r-patched-linux-x86_64 | 3.1-40 | 5.45 | 49.76 | 55.21 | NOTE | |
| r-release-linux-x86_64 | 3.1-40 | 5.15 | 49.90 | 55.05 | NOTE | |
| r-release-macos-arm64 | 3.1-40 | NOTE | ||||
| r-release-macos-x86_64 | 3.1-40 | 5.00 | 47.00 | 52.00 | NOTE | |
| r-release-windows-x86_64 | 3.1-40 | 6.00 | 77.00 | 83.00 | NOTE | |
| r-oldrel-macos-arm64 | 3.1-40 | NOTE | ||||
| r-oldrel-macos-x86_64 | 3.1-40 | 4.00 | 39.00 | 43.00 | NOTE | |
| r-oldrel-windows-x86_64 | 3.1-40 | 10.00 | 90.00 | 100.00 | NOTE |
Version: 3.1-40
Check: Rd files
Result: NOTE
checkRd: (-1) ciReg.Rd:10: Lost braces
10 | \item{fit}{an object of class{lm}, i.e. the output from \code{\link{lm}}.}
| ^
Flavors: r-devel-linux-x86_64-debian-clang, r-devel-linux-x86_64-debian-gcc, r-devel-linux-x86_64-fedora-clang, r-devel-linux-x86_64-fedora-gcc, r-devel-windows-x86_64, r-patched-linux-x86_64, r-release-linux-x86_64, r-release-macos-arm64, r-release-macos-x86_64, r-release-windows-x86_64, r-oldrel-macos-arm64, r-oldrel-macos-x86_64, r-oldrel-windows-x86_64