Last updated on 2025-11-15 11:50:57 CET.
| Flavor | Version | Tinstall | Tcheck | Ttotal | Status | Flags |
|---|---|---|---|---|---|---|
| r-devel-linux-x86_64-debian-clang | 0.4.4 | 49.21 | 42.17 | 91.38 | NOTE | |
| r-devel-linux-x86_64-debian-gcc | 0.4.4 | 30.51 | 32.37 | 62.88 | NOTE | |
| r-devel-linux-x86_64-fedora-clang | 0.4.4 | 86.00 | 52.12 | 138.12 | NOTE | |
| r-devel-linux-x86_64-fedora-gcc | 0.4.4 | 177.00 | -6.67 | 170.33 | NOTE | |
| r-devel-windows-x86_64 | 0.4.4 | 51.00 | 85.00 | 136.00 | NOTE | |
| r-patched-linux-x86_64 | 0.4.4 | 37.12 | 39.36 | 76.48 | OK | |
| r-release-linux-x86_64 | 0.4.4 | 38.86 | 39.78 | 78.64 | OK | |
| r-release-macos-arm64 | 0.4.4 | 23.00 | 36.00 | 59.00 | OK | |
| r-release-macos-x86_64 | 0.4.4 | 19.00 | 66.00 | 85.00 | OK | |
| r-release-windows-x86_64 | 0.4.4 | 44.00 | 83.00 | 127.00 | OK | |
| r-oldrel-macos-arm64 | 0.4.4 | 22.00 | 38.00 | 60.00 | NOTE | |
| r-oldrel-macos-x86_64 | 0.4.4 | 20.00 | 55.00 | 75.00 | OK | |
| r-oldrel-windows-x86_64 | 0.4.4 | 52.00 | 98.00 | 150.00 | OK |
Version: 0.4.4
Check: Rd files
Result: NOTE
checkRd: (-1) runner.Rd:163: height/width attributes should be in pixels
checkRd: (-1) runner.Rd:169: height/width attributes should be in pixels
checkRd: (-1) runner.Rd:178: height/width attributes should be in pixels
checkRd: (-1) runner.Rd:189: height/width attributes should be in pixels
Flavors: r-devel-linux-x86_64-debian-clang, r-devel-linux-x86_64-debian-gcc, r-devel-linux-x86_64-fedora-clang, r-devel-linux-x86_64-fedora-gcc, r-devel-windows-x86_64
Version: 0.4.4
Check: installed package size
Result: NOTE
installed size is 6.3Mb
sub-directories of 1Mb or more:
libs 5.2Mb
Flavor: r-oldrel-macos-arm64