Last updated on 2025-10-23 10:48:54 CEST.
| Flavor | Version | Tinstall | Tcheck | Ttotal | Status | Flags |
|---|---|---|---|---|---|---|
| r-devel-linux-x86_64-debian-clang | 0.0.7 | 138.87 | 31.19 | 170.06 | OK | |
| r-devel-linux-x86_64-debian-gcc | 0.0.7 | 107.25 | 25.42 | 132.67 | OK | |
| r-devel-linux-x86_64-fedora-clang | 0.0.7 | 116.00 | 147.23 | 263.23 | OK | |
| r-devel-linux-x86_64-fedora-gcc | 0.0.7 | 140.00 | 128.02 | 268.02 | OK | |
| r-devel-windows-x86_64 | 0.0.7 | 107.00 | 88.00 | 195.00 | OK | |
| r-patched-linux-x86_64 | 0.0.7 | 140.86 | 28.48 | 169.34 | OK | |
| r-release-linux-x86_64 | 0.0.7 | 138.50 | 28.72 | 167.22 | OK | |
| r-release-macos-arm64 | 0.0.7 | 50.00 | 20.00 | 70.00 | OK | |
| r-release-macos-x86_64 | 0.0.7 | 61.00 | 30.00 | 91.00 | OK | |
| r-release-windows-x86_64 | 0.0.7 | 114.00 | 85.00 | 199.00 | OK | |
| r-oldrel-macos-arm64 | 0.0.7 | 43.00 | 26.00 | 69.00 | NOTE | |
| r-oldrel-macos-x86_64 | 0.0.7 | 67.00 | 32.00 | 99.00 | NOTE | |
| r-oldrel-windows-x86_64 | 0.0.7 | 115.00 | 105.00 | 220.00 | NOTE |
Version: 0.0.7
Check: installed package size
Result: NOTE
installed size is 12.7Mb
sub-directories of 1Mb or more:
libs 12.6Mb
Flavors: r-oldrel-macos-arm64, r-oldrel-macos-x86_64, r-oldrel-windows-x86_64