CRAN Package Check Results for Package rtika

Last updated on 2025-11-16 10:49:56 CET.

Flavor Version Tinstall Tcheck Ttotal Status Flags
r-devel-linux-x86_64-debian-clang 3.2.3 2.35 30.44 32.79 OK
r-devel-linux-x86_64-debian-gcc 3.2.3 1.90 25.33 27.23 NOTE
r-devel-linux-x86_64-fedora-clang 3.2.3 53.15 OK
r-devel-linux-x86_64-fedora-gcc 3.2.3 64.98 OK
r-devel-windows-x86_64 3.2.3 9.00 52.00 61.00 OK
r-patched-linux-x86_64 3.2.3 2.56 27.71 30.27 OK
r-release-linux-x86_64 3.2.3 2.28 28.16 30.44 OK
r-release-macos-arm64 3.2.3 2.00 59.00 61.00 OK
r-release-macos-x86_64 3.2.3 3.00 83.00 86.00 OK
r-release-windows-x86_64 3.2.3 5.00 52.00 57.00 OK
r-oldrel-macos-arm64 3.2.3 2.00 30.00 32.00 OK
r-oldrel-macos-x86_64 3.2.3 2.00 65.00 67.00 OK
r-oldrel-windows-x86_64 3.2.3 4.00 58.00 62.00 OK

Check Details

Version: 3.2.3
Check: CRAN incoming feasibility
Result: NOTE Maintainer: ‘Sasha Goodman <goodmansasha@gmail.com>’ The BugReports field in DESCRIPTION has https://github.com/ropensci/rtika/issues/ which should likely be https://github.com/ropensci/rtika/issues/issues instead. Flavor: r-devel-linux-x86_64-debian-gcc