Last updated on 2025-10-22 09:50:50 CEST.
Flavor | Version | Tinstall | Tcheck | Ttotal | Status | Flags |
---|---|---|---|---|---|---|
r-devel-linux-x86_64-debian-clang | 0.6.13 | 25.04 | 694.61 | 719.65 | NOTE | |
r-devel-linux-x86_64-debian-gcc | 0.6.13 | 17.26 | 441.07 | 458.33 | NOTE | |
r-devel-linux-x86_64-fedora-clang | 0.6.13 | 58.00 | 1090.21 | 1148.21 | OK | |
r-devel-linux-x86_64-fedora-gcc | 0.6.13 | 71.00 | 1055.66 | 1126.66 | OK | |
r-devel-windows-x86_64 | 0.6.13 | 27.00 | 584.00 | 611.00 | OK | |
r-patched-linux-x86_64 | 0.6.13 | 31.41 | 651.23 | 682.64 | OK | |
r-release-linux-x86_64 | 0.6.13 | 27.94 | 652.05 | 679.99 | OK | |
r-release-macos-arm64 | 0.6.13 | 10.00 | 291.00 | 301.00 | OK | |
r-release-macos-x86_64 | 0.6.13 | 21.00 | 552.00 | 573.00 | OK | |
r-release-windows-x86_64 | 0.6.13 | 27.00 | 582.00 | 609.00 | OK | |
r-oldrel-macos-arm64 | 0.6.13 | 9.00 | 269.00 | 278.00 | OK | |
r-oldrel-macos-x86_64 | 0.6.13 | 30.00 | 522.00 | 552.00 | OK | |
r-oldrel-windows-x86_64 | 0.6.13 | 39.00 | 823.00 | 862.00 | OK |
Version: 0.6.13
Check: HTML version of manual
Result: NOTE
Found the following HTML validation problems:
head_tail.html:107:1 (head_tail.Rd:61): Warning: missing </ul> before </div>
make_col_df.html:71:1 (make_col_df.Rd:26): Warning: missing </ul> before </div>
Flavors: r-devel-linux-x86_64-debian-clang, r-devel-linux-x86_64-debian-gcc