Last updated on 2025-10-22 09:50:50 CEST.
Flavor | Version | Tinstall | Tcheck | Ttotal | Status | Flags |
---|---|---|---|---|---|---|
r-devel-linux-x86_64-debian-clang | 3.1.2 | 44.30 | 58.89 | 103.19 | NOTE | |
r-devel-linux-x86_64-debian-gcc | 3.1.2 | 37.00 | 44.26 | 81.26 | NOTE | |
r-devel-linux-x86_64-fedora-clang | 3.1.2 | 86.00 | 76.80 | 162.80 | OK | |
r-devel-linux-x86_64-fedora-gcc | 3.1.2 | 118.00 | 50.52 | 168.52 | OK | |
r-devel-windows-x86_64 | 3.1.2 | 62.00 | 91.00 | 153.00 | OK | |
r-patched-linux-x86_64 | 3.1.2 | 45.11 | 56.70 | 101.81 | OK | |
r-release-linux-x86_64 | 3.1.2 | 45.56 | 55.54 | 101.10 | OK | |
r-release-macos-arm64 | 3.1.2 | 24.00 | 29.00 | 53.00 | OK | |
r-release-macos-x86_64 | 3.1.2 | 43.00 | 80.00 | 123.00 | OK | |
r-release-windows-x86_64 | 3.1.2 | 92.00 | 94.00 | 186.00 | OK | |
r-oldrel-macos-arm64 | 3.1.2 | 19.00 | 37.00 | 56.00 | OK | |
r-oldrel-macos-x86_64 | 3.1.2 | 39.00 | 71.00 | 110.00 | OK | |
r-oldrel-windows-x86_64 | 3.1.2 | 75.00 | 105.00 | 180.00 | OK |
Version: 3.1.2
Check: HTML version of manual
Result: NOTE
Found the following HTML validation problems:
rust_regime_means.html:50:1 (rust_regime_means.Rd:12): Warning: missing </ul> before </div>
rust_rodionov.html:54:1 (rust_rodionov.Rd:14): Warning: missing </ul> before </div>
Flavors: r-devel-linux-x86_64-debian-clang, r-devel-linux-x86_64-debian-gcc