Last updated on 2025-10-24 09:50:16 CEST.
| Flavor | Version | Tinstall | Tcheck | Ttotal | Status | Flags |
|---|---|---|---|---|---|---|
| r-devel-linux-x86_64-debian-clang | 0.1.1 | 43.99 | 23.68 | 67.67 | NOTE | |
| r-devel-linux-x86_64-debian-gcc | 0.1.1 | 35.01 | 18.96 | 53.97 | OK | |
| r-devel-linux-x86_64-fedora-clang | 0.1.1 | 91.00 | 10.85 | 101.85 | OK | |
| r-devel-linux-x86_64-fedora-gcc | 0.1.1 | 78.00 | 18.09 | 96.09 | OK | |
| r-devel-windows-x86_64 | 0.1.1 | 45.00 | 62.00 | 107.00 | OK | |
| r-patched-linux-x86_64 | 0.1.1 | 44.05 | 22.55 | 66.60 | OK | |
| r-release-linux-x86_64 | 0.1.1 | 44.15 | 22.44 | 66.59 | OK | |
| r-release-macos-arm64 | 0.1.1 | 21.00 | 16.00 | 37.00 | OK | |
| r-release-macos-x86_64 | 0.1.1 | 41.00 | 26.00 | 67.00 | OK | |
| r-release-windows-x86_64 | 0.1.1 | 70.00 | 59.00 | 129.00 | OK | |
| r-oldrel-macos-arm64 | 0.1.1 | 24.00 | 22.00 | 46.00 | OK | |
| r-oldrel-macos-x86_64 | 0.1.1 | 42.00 | 29.00 | 71.00 | OK | |
| r-oldrel-windows-x86_64 | 0.1.1 | 57.00 | 71.00 | 128.00 | OK |
Version: 0.1.1
Check: HTML version of manual
Result: NOTE
Found the following HTML validation problems:
dot-sampling_defaults.html:55:1 (dot-sampling_defaults.Rd:15): Warning: missing </ul> before </div>
Flavor: r-devel-linux-x86_64-debian-clang