Last updated on 2025-10-22 09:50:50 CEST.
Flavor | Version | Tinstall | Tcheck | Ttotal | Status | Flags |
---|---|---|---|---|---|---|
r-devel-linux-x86_64-debian-clang | 1.3.1 | 10.35 | 226.32 | 236.67 | NOTE | |
r-devel-linux-x86_64-debian-gcc | 1.3.1 | 6.33 | 150.93 | 157.26 | NOTE | |
r-devel-linux-x86_64-fedora-clang | 1.3.1 | 21.00 | 332.28 | 353.28 | OK | |
r-devel-linux-x86_64-fedora-gcc | 1.3.1 | 21.00 | 328.41 | 349.41 | OK | |
r-devel-windows-x86_64 | 1.3.1 | 12.00 | 215.00 | 227.00 | OK | |
r-patched-linux-x86_64 | 1.3.1 | 9.82 | 211.90 | 221.72 | OK | |
r-release-linux-x86_64 | 1.3.1 | 9.06 | 213.76 | 222.82 | OK | |
r-release-macos-arm64 | 1.3.1 | 5.00 | 92.00 | 97.00 | OK | |
r-release-macos-x86_64 | 1.3.1 | 7.00 | 198.00 | 205.00 | OK | |
r-release-windows-x86_64 | 1.3.1 | 15.00 | 216.00 | 231.00 | OK | |
r-oldrel-macos-arm64 | 1.3.1 | 3.00 | 97.00 | 100.00 | OK | |
r-oldrel-macos-x86_64 | 1.3.1 | 9.00 | 190.00 | 199.00 | OK | |
r-oldrel-windows-x86_64 | 1.3.1 | 16.00 | 282.00 | 298.00 | OK |
Version: 1.3.1
Check: HTML version of manual
Result: NOTE
Found the following HTML validation problems:
rsample-dplyr.html:144:1 (rsample-dplyr.Rd:64): Warning: missing </ul> before </div>
Flavors: r-devel-linux-x86_64-debian-clang, r-devel-linux-x86_64-debian-gcc