Last updated on 2025-10-24 09:50:16 CEST.
| Flavor | Version | Tinstall | Tcheck | Ttotal | Status | Flags |
|---|---|---|---|---|---|---|
| r-devel-linux-x86_64-debian-clang | 0.1.3 | 52.14 | 70.28 | 122.42 | NOTE | |
| r-devel-linux-x86_64-debian-gcc | 0.1.3 | 32.56 | 52.76 | 85.32 | NOTE | |
| r-devel-linux-x86_64-fedora-clang | 0.1.3 | 86.00 | 117.16 | 203.16 | OK | |
| r-devel-linux-x86_64-fedora-gcc | 0.1.3 | 133.00 | 67.14 | 200.14 | OK | |
| r-devel-windows-x86_64 | 0.1.3 | 60.00 | 91.00 | 151.00 | OK | |
| r-patched-linux-x86_64 | 0.1.3 | 51.54 | 66.71 | 118.25 | OK | |
| r-release-linux-x86_64 | 0.1.3 | 49.76 | 66.75 | 116.51 | OK | |
| r-release-macos-arm64 | 0.1.3 | 20.00 | 38.00 | 58.00 | OK | |
| r-release-macos-x86_64 | 0.1.3 | 42.00 | 74.00 | 116.00 | OK | |
| r-release-windows-x86_64 | 0.1.3 | 63.00 | 93.00 | 156.00 | OK | |
| r-oldrel-macos-arm64 | 0.1.3 | 21.00 | 34.00 | 55.00 | OK | |
| r-oldrel-macos-x86_64 | 0.1.3 | 21.00 | 46.00 | 67.00 | OK | |
| r-oldrel-windows-x86_64 | 0.1.3 | 73.00 | 124.00 | 197.00 | OK |
Version: 0.1.3
Check: CRAN incoming feasibility
Result: NOTE
Maintainer: ‘Erlis Ruli <erlisr@yahoo.it>’
Package CITATION file contains call(s) to old-style personList() or
as.personList(). Please use c() on person objects instead.
Package CITATION file contains call(s) to old-style citEntry(). Please
use bibentry() instead.
The Description field contains
by Ruli et al. (2017) <arXiv:1706.01752>.
Please refer to arXiv e-prints via their arXiv DOI <doi:10.48550/arXiv.YYMM.NNNNN>.
Flavors: r-devel-linux-x86_64-debian-clang, r-devel-linux-x86_64-debian-gcc