CRAN Package Check Results for Package rncl

Last updated on 2025-11-20 11:51:23 CET.

Flavor Version Tinstall Tcheck Ttotal Status Flags
r-devel-linux-x86_64-debian-clang 0.8.7 122.95 31.93 154.88 NOTE
r-devel-linux-x86_64-debian-gcc 0.8.7 112.64 25.94 138.58 NOTE
r-devel-linux-x86_64-fedora-clang 0.8.7 169.00 133.03 302.03 NOTE
r-devel-linux-x86_64-fedora-gcc 0.8.7 333.00 44.93 377.93 NOTE
r-devel-windows-x86_64 0.8.7 172.00 75.00 247.00 NOTE
r-patched-linux-x86_64 0.8.7 155.07 30.68 185.75 NOTE
r-release-linux-x86_64 0.8.7 157.03 30.71 187.74 NOTE
r-release-macos-arm64 0.8.7 NOTE
r-release-macos-x86_64 0.8.7 50.00 32.00 82.00 NOTE
r-release-windows-x86_64 0.8.7 160.00 81.00 241.00 NOTE
r-oldrel-macos-arm64 0.8.7 NOTE
r-oldrel-macos-x86_64 0.8.7 42.00 26.00 68.00 NOTE
r-oldrel-windows-x86_64 0.8.7 191.00 95.00 286.00 NOTE

Check Details

Version: 0.8.7
Check: Rd files
Result: NOTE checkRd: (-1) rncl.Rd:53-55: Lost braces in \itemize; \value handles \item{}{} directly checkRd: (-1) rncl.Rd:57: Lost braces in \itemize; \value handles \item{}{} directly checkRd: (-1) rncl.Rd:59-63: Lost braces in \itemize; \value handles \item{}{} directly checkRd: (-1) rncl.Rd:65-71: Lost braces in \itemize; \value handles \item{}{} directly checkRd: (-1) rncl.Rd:73-78: Lost braces in \itemize; \value handles \item{}{} directly checkRd: (-1) rncl.Rd:80-84: Lost braces in \itemize; \value handles \item{}{} directly checkRd: (-1) rncl.Rd:86-90: Lost braces in \itemize; \value handles \item{}{} directly checkRd: (-1) rncl.Rd:92-93: Lost braces in \itemize; \value handles \item{}{} directly checkRd: (-1) rncl.Rd:95-96: Lost braces in \itemize; \value handles \item{}{} directly checkRd: (-1) rncl.Rd:98-99: Lost braces in \itemize; \value handles \item{}{} directly checkRd: (-1) rncl.Rd:101-102: Lost braces in \itemize; \value handles \item{}{} directly checkRd: (-1) rncl.Rd:104-105: Lost braces in \itemize; \value handles \item{}{} directly checkRd: (-1) rncl.Rd:107-110: Lost braces in \itemize; \value handles \item{}{} directly checkRd: (-1) rncl.Rd:112-115: Lost braces in \itemize; \value handles \item{}{} directly checkRd: (-1) rncl.Rd:117-119: Lost braces in \itemize; \value handles \item{}{} directly checkRd: (-1) rncl.Rd:121-124: Lost braces in \itemize; \value handles \item{}{} directly Flavors: r-devel-linux-x86_64-debian-clang, r-devel-linux-x86_64-debian-gcc, r-devel-linux-x86_64-fedora-clang, r-devel-linux-x86_64-fedora-gcc, r-devel-windows-x86_64, r-patched-linux-x86_64, r-release-linux-x86_64, r-release-macos-arm64, r-release-macos-x86_64, r-release-windows-x86_64, r-oldrel-macos-arm64, r-oldrel-macos-x86_64, r-oldrel-windows-x86_64

Version: 0.8.7
Check: installed package size
Result: NOTE installed size is 18.7Mb sub-directories of 1Mb or more: libs 18.5Mb Flavors: r-oldrel-macos-arm64, r-oldrel-macos-x86_64