Last updated on 2025-10-24 09:50:15 CEST.
| Flavor | Version | Tinstall | Tcheck | Ttotal | Status | Flags |
|---|---|---|---|---|---|---|
| r-devel-linux-x86_64-debian-clang | 2.4.0 | 6.48 | 54.76 | 61.24 | NOTE | |
| r-devel-linux-x86_64-debian-gcc | 2.4.0 | 4.76 | 41.40 | 46.16 | NOTE | |
| r-devel-linux-x86_64-fedora-clang | 2.4.0 | 14.00 | 80.13 | 94.13 | NOTE | |
| r-devel-linux-x86_64-fedora-gcc | 2.4.0 | 20.00 | 87.77 | 107.77 | NOTE | |
| r-devel-windows-x86_64 | 2.4.0 | 7.00 | 69.00 | 76.00 | NOTE | |
| r-patched-linux-x86_64 | 2.4.0 | 6.59 | 50.36 | 56.95 | NOTE | |
| r-release-linux-x86_64 | 2.4.0 | 5.73 | 50.42 | 56.15 | NOTE | |
| r-release-macos-arm64 | 2.4.0 | 3.00 | 36.00 | 39.00 | NOTE | |
| r-release-macos-x86_64 | 2.4.0 | 6.00 | 62.00 | 68.00 | NOTE | |
| r-release-windows-x86_64 | 2.4.0 | 9.00 | 71.00 | 80.00 | NOTE | |
| r-oldrel-macos-arm64 | 2.4.0 | 2.00 | 35.00 | 37.00 | NOTE | |
| r-oldrel-macos-x86_64 | 2.4.0 | 4.00 | 50.00 | 54.00 | NOTE | |
| r-oldrel-windows-x86_64 | 2.4.0 | 12.00 | 87.00 | 99.00 | NOTE |
Version: 2.4.0
Check: Rd files
Result: NOTE
checkRd: (-1) myTarGetClientList.Rd:33: Lost braces
33 | {MyTarget API Documenation}{https://target.my.com/doc/api/detailed/#resource_agency_clients}
| ^
Flavors: r-devel-linux-x86_64-debian-clang, r-devel-linux-x86_64-debian-gcc, r-devel-linux-x86_64-fedora-clang, r-devel-linux-x86_64-fedora-gcc, r-devel-windows-x86_64, r-patched-linux-x86_64, r-release-linux-x86_64, r-release-macos-arm64, r-release-macos-x86_64, r-release-windows-x86_64, r-oldrel-macos-arm64, r-oldrel-macos-x86_64, r-oldrel-windows-x86_64