CRAN Package Check Results for Package rmdplugr

Last updated on 2025-10-22 09:50:49 CEST.

Flavor Version Tinstall Tcheck Ttotal Status Flags
r-devel-linux-x86_64-debian-clang 0.4.1 2.38 33.58 35.96 NOTE
r-devel-linux-x86_64-debian-gcc 0.4.1 1.76 27.08 28.84 NOTE
r-devel-linux-x86_64-fedora-clang 0.4.1 50.52 OK
r-devel-linux-x86_64-fedora-gcc 0.4.1 65.78 OK
r-devel-windows-x86_64 0.4.1 5.00 60.00 65.00 OK
r-patched-linux-x86_64 0.4.1 2.40 31.60 34.00 OK
r-release-linux-x86_64 0.4.1 2.33 31.07 33.40 OK
r-release-macos-arm64 0.4.1 2.00 47.00 49.00 OK
r-release-macos-x86_64 0.4.1 3.00 90.00 93.00 OK
r-release-windows-x86_64 0.4.1 5.00 62.00 67.00 OK
r-oldrel-macos-arm64 0.4.1 1.00 24.00 25.00 NOTE
r-oldrel-macos-x86_64 0.4.1 2.00 37.00 39.00 NOTE
r-oldrel-windows-x86_64 0.4.1 4.00 66.00 70.00 NOTE

Check Details

Version: 0.4.1
Check: CRAN incoming feasibility
Result: NOTE Maintainer: ‘Johan Larsson <johanlarsson@outlook.com>’ Package CITATION file contains call(s) to old-style personList() or as.personList(). Please use c() on person objects instead. Flavors: r-devel-linux-x86_64-debian-clang, r-devel-linux-x86_64-debian-gcc

Version: 0.4.1
Check: LazyData
Result: NOTE 'LazyData' is specified without a 'data' directory Flavors: r-oldrel-macos-arm64, r-oldrel-macos-x86_64, r-oldrel-windows-x86_64