Last updated on 2025-10-31 09:50:28 CET.
| Flavor | Version | Tinstall | Tcheck | Ttotal | Status | Flags | 
|---|---|---|---|---|---|---|
| r-devel-linux-x86_64-debian-clang | 2.0-5 | 8.19 | 72.14 | 80.33 | NOTE | |
| r-devel-linux-x86_64-debian-gcc | 2.0-5 | 5.40 | 54.96 | 60.36 | NOTE | |
| r-devel-linux-x86_64-fedora-clang | 2.0-5 | 18.00 | 104.67 | 122.67 | OK | |
| r-devel-linux-x86_64-fedora-gcc | 2.0-5 | 35.00 | 88.94 | 123.94 | OK | |
| r-devel-windows-x86_64 | 2.0-5 | 9.00 | 78.00 | 87.00 | OK | |
| r-patched-linux-x86_64 | 2.0-5 | 7.72 | 68.34 | 76.06 | OK | |
| r-release-linux-x86_64 | 2.0-5 | 8.31 | 69.58 | 77.89 | OK | |
| r-release-macos-arm64 | 2.0-5 | 4.00 | 36.00 | 40.00 | OK | |
| r-release-macos-x86_64 | 2.0-5 | 8.00 | 64.00 | 72.00 | OK | |
| r-release-windows-x86_64 | 2.0-5 | 9.00 | 78.00 | 87.00 | OK | |
| r-oldrel-macos-arm64 | 2.0-5 | 4.00 | 33.00 | 37.00 | OK | |
| r-oldrel-macos-x86_64 | 2.0-5 | 8.00 | 46.00 | 54.00 | OK | |
| r-oldrel-windows-x86_64 | 2.0-5 | 13.00 | 94.00 | 107.00 | OK | 
Version: 2.0-5
Check: CRAN incoming feasibility
Result: NOTE
  Maintainer: ‘Gabriela Cohen-Freue <gcohen@stat.ubc.ca>’
  
  No Authors@R field in DESCRIPTION.
  Please add one, modifying
    Authors@R: c(person(given = "Gabriela",
                        family = "Cohen-Freue",
                        role = c("aut", "cre"),
                        email = "gcohen@stat.ubc.ca"),
                 person(given = "Davor",
                        family = "Cubranic",
                        role = "aut"),
                 person(given = c("with", "contributions", "from", "B."),
                        family = "Kaufmann",
                        role = "aut"),
                 person(given = "R.H.",
                        family = "Zamar",
                        role = "aut"))
  as necessary.
Flavors: r-devel-linux-x86_64-debian-clang, r-devel-linux-x86_64-debian-gcc