Last updated on 2025-11-16 10:49:55 CET.
| Flavor | Version | Tinstall | Tcheck | Ttotal | Status | Flags |
|---|---|---|---|---|---|---|
| r-devel-linux-x86_64-debian-clang | 0.5.0 | 13.28 | 124.50 | 137.78 | OK | |
| r-devel-linux-x86_64-debian-gcc | 0.5.0 | 10.08 | 92.77 | 102.85 | NOTE | |
| r-devel-linux-x86_64-fedora-clang | 0.5.0 | 31.00 | 175.07 | 206.07 | OK | |
| r-devel-linux-x86_64-fedora-gcc | 0.5.0 | 33.00 | 177.72 | 210.72 | OK | |
| r-devel-windows-x86_64 | 0.5.0 | 19.00 | 143.00 | 162.00 | OK | |
| r-patched-linux-x86_64 | 0.5.0 | 23.97 | 115.37 | 139.34 | OK | |
| r-release-linux-x86_64 | 0.5.0 | 13.74 | 116.90 | 130.64 | OK | |
| r-release-macos-arm64 | 0.5.0 | 6.00 | 49.00 | 55.00 | OK | |
| r-release-macos-x86_64 | 0.5.0 | 14.00 | 111.00 | 125.00 | OK | |
| r-release-windows-x86_64 | 0.5.0 | 16.00 | 145.00 | 161.00 | OK | |
| r-oldrel-macos-arm64 | 0.5.0 | 6.00 | 57.00 | 63.00 | OK | |
| r-oldrel-macos-x86_64 | 0.5.0 | 13.00 | 110.00 | 123.00 | OK | |
| r-oldrel-windows-x86_64 | 0.5.0 | 16.00 | 165.00 | 181.00 | OK |
Version: 0.5.0
Check: CRAN incoming feasibility
Result: NOTE
Maintainer: ‘Hansjoerg Neth <h.neth@uni.kn>’
The BugReports field in DESCRIPTION has
https://github.com/hneth/riskyr/issues/
which should likely be
https://github.com/hneth/riskyr/issues/issues
instead.
Flavor: r-devel-linux-x86_64-debian-gcc