Last updated on 2025-10-31 09:50:28 CET.
| Flavor | Version | Tinstall | Tcheck | Ttotal | Status | Flags | 
|---|---|---|---|---|---|---|
| r-devel-linux-x86_64-debian-clang | 1.10 | 3.19 | 35.16 | 38.35 | NOTE | |
| r-devel-linux-x86_64-debian-gcc | 1.10 | 2.23 | 27.13 | 29.36 | NOTE | |
| r-devel-linux-x86_64-fedora-clang | 1.10 | 55.11 | NOTE | |||
| r-devel-linux-x86_64-fedora-gcc | 1.10 | 12.00 | 58.81 | 70.81 | NOTE | |
| r-devel-windows-x86_64 | 1.10 | 5.00 | 60.00 | 65.00 | OK | |
| r-patched-linux-x86_64 | 1.10 | 3.27 | 33.50 | 36.77 | NOTE | |
| r-release-linux-x86_64 | 1.10 | 2.94 | 33.47 | 36.41 | NOTE | |
| r-release-macos-arm64 | 1.10 | 1.00 | 28.00 | 29.00 | OK | |
| r-release-macos-x86_64 | 1.10 | 2.00 | 47.00 | 49.00 | OK | |
| r-release-windows-x86_64 | 1.10 | 3.00 | 67.00 | 70.00 | OK | |
| r-oldrel-macos-arm64 | 1.10 | 1.00 | 22.00 | 23.00 | OK | |
| r-oldrel-macos-x86_64 | 1.10 | 2.00 | 35.00 | 37.00 | OK | |
| r-oldrel-windows-x86_64 | 1.10 | 4.00 | 61.00 | 65.00 | OK | 
Version: 1.10
Check: CRAN incoming feasibility
Result: NOTE
  Maintainer: ‘Christophe Dutang <christophe.dutang@ensimag.fr>’
  
  No Authors@R field in DESCRIPTION.
  Please add one, modifying
    Authors@R: c(person(given = "Christophe",
                        family = "Dutang",
                        role = c("aut", "cre"),
                        email = "christophe.dutang@ensimag.fr"),
                 person(given = "Julie",
                        family = "Barthes",
                        role = "aut"))
  as necessary.
  
  Package CITATION file contains call(s) to old-style citEntry().  Please
  use bibentry() instead.
Flavors: r-devel-linux-x86_64-debian-clang, r-devel-linux-x86_64-debian-gcc
Version: 1.10
Check: for non-standard things in the check directory
Result: NOTE
  Found the following files/directories:
    ‘mydata.rda’ ‘thedata.rda’
Flavors: r-devel-linux-x86_64-debian-clang, r-devel-linux-x86_64-debian-gcc, r-devel-linux-x86_64-fedora-clang, r-devel-linux-x86_64-fedora-gcc, r-patched-linux-x86_64, r-release-linux-x86_64