Last updated on 2025-11-15 11:50:55 CET.
| Flavor | Version | Tinstall | Tcheck | Ttotal | Status | Flags |
|---|---|---|---|---|---|---|
| r-devel-linux-x86_64-debian-clang | 5.0.1 | 4.74 | 49.30 | 54.04 | NOTE | |
| r-devel-linux-x86_64-debian-gcc | 5.0.1 | 3.54 | 36.04 | 39.58 | NOTE | |
| r-devel-linux-x86_64-fedora-clang | 5.0.1 | 14.00 | 66.59 | 80.59 | NOTE | |
| r-devel-linux-x86_64-fedora-gcc | 5.0.1 | 15.00 | 61.27 | 76.27 | NOTE | |
| r-devel-windows-x86_64 | 5.0.1 | 13.00 | 69.00 | 82.00 | NOTE | |
| r-patched-linux-x86_64 | 5.0.1 | 5.93 | 44.14 | 50.07 | NOTE | |
| r-release-linux-x86_64 | 5.0.1 | 4.21 | 44.66 | 48.87 | NOTE | |
| r-release-macos-arm64 | 5.0.1 | 3.00 | 24.00 | 27.00 | NOTE | |
| r-release-macos-x86_64 | 5.0.1 | 5.00 | 39.00 | 44.00 | NOTE | |
| r-release-windows-x86_64 | 5.0.1 | 7.00 | 76.00 | 83.00 | NOTE | |
| r-oldrel-macos-arm64 | 5.0.1 | 3.00 | 28.00 | 31.00 | OK | |
| r-oldrel-macos-x86_64 | 5.0.1 | 4.00 | 42.00 | 46.00 | OK | |
| r-oldrel-windows-x86_64 | 5.0.1 | 12.00 | 79.00 | 91.00 | OK |
Version: 5.0.1
Check: DESCRIPTION meta-information
Result: NOTE
Missing dependency on R >= 4.1.0 because package code uses the pipe
|> or function shorthand \(...) syntax added in R 4.1.0.
File(s) using such syntax:
‘common_names.R’ ‘distribution.R’ ‘fb_tbl.R’
Flavors: r-devel-linux-x86_64-debian-clang, r-devel-linux-x86_64-debian-gcc, r-devel-linux-x86_64-fedora-clang, r-devel-linux-x86_64-fedora-gcc, r-devel-windows-x86_64, r-patched-linux-x86_64, r-release-linux-x86_64, r-release-macos-arm64, r-release-macos-x86_64, r-release-windows-x86_64