Last updated on 2025-11-15 11:50:55 CET.
| Flavor | Version | Tinstall | Tcheck | Ttotal | Status | Flags |
|---|---|---|---|---|---|---|
| r-devel-linux-x86_64-debian-clang | 1.0.0 | 10.37 | 108.64 | 119.01 | NOTE | |
| r-devel-linux-x86_64-debian-gcc | 1.0.0 | 6.72 | 77.27 | 83.99 | NOTE | |
| r-devel-linux-x86_64-fedora-clang | 1.0.0 | 22.00 | 157.37 | 179.37 | NOTE | |
| r-devel-linux-x86_64-fedora-gcc | 1.0.0 | 49.00 | 148.37 | 197.37 | NOTE | |
| r-devel-windows-x86_64 | 1.0.0 | 14.00 | 107.00 | 121.00 | NOTE | |
| r-patched-linux-x86_64 | 1.0.0 | 10.53 | 101.84 | 112.37 | NOTE | |
| r-release-linux-x86_64 | 1.0.0 | 10.25 | 102.86 | 113.11 | NOTE | |
| r-release-macos-arm64 | 1.0.0 | 4.00 | 44.00 | 48.00 | NOTE | |
| r-release-macos-x86_64 | 1.0.0 | 13.00 | 99.00 | 112.00 | NOTE | |
| r-release-windows-x86_64 | 1.0.0 | 11.00 | 104.00 | 115.00 | NOTE | |
| r-oldrel-macos-arm64 | 1.0.0 | 4.00 | 51.00 | 55.00 | NOTE | |
| r-oldrel-macos-x86_64 | 1.0.0 | 7.00 | 85.00 | 92.00 | NOTE | |
| r-oldrel-windows-x86_64 | 1.0.0 | 17.00 | 132.00 | 149.00 | NOTE |
Version: 1.0.0
Check: Rd files
Result: NOTE
checkRd: (-1) pseudo.geefit.Rd:17: Lost braces in \itemize; \value handles \item{}{} directly
checkRd: (-1) pseudo.geefit.Rd:18: Lost braces in \itemize; \value handles \item{}{} directly
checkRd: (-1) pseudo.onedim.Rd:27: Lost braces in \itemize; \value handles \item{}{} directly
checkRd: (-1) pseudo.onedim.Rd:28: Lost braces in \itemize; \value handles \item{}{} directly
checkRd: (-1) pseudo.onedim.Rd:29: Lost braces in \itemize; \value handles \item{}{} directly
checkRd: (-1) pseudo.onedim.Rd:30: Lost braces in \itemize; \value handles \item{}{} directly
checkRd: (-1) pseudo.onedim.Rd:31: Lost braces in \itemize; \value handles \item{}{} directly
checkRd: (-1) pseudo.threedim.Rd:29: Lost braces in \itemize; \value handles \item{}{} directly
checkRd: (-1) pseudo.threedim.Rd:30: Lost braces in \itemize; \value handles \item{}{} directly
checkRd: (-1) pseudo.threedim.Rd:31: Lost braces in \itemize; \value handles \item{}{} directly
checkRd: (-1) pseudo.threedim.Rd:32: Lost braces in \itemize; \value handles \item{}{} directly
checkRd: (-1) pseudo.threedim.Rd:33: Lost braces in \itemize; \value handles \item{}{} directly
checkRd: (-1) pseudo.twodim.Rd:27: Lost braces in \itemize; \value handles \item{}{} directly
checkRd: (-1) pseudo.twodim.Rd:28: Lost braces in \itemize; \value handles \item{}{} directly
checkRd: (-1) pseudo.twodim.Rd:29: Lost braces in \itemize; \value handles \item{}{} directly
checkRd: (-1) pseudo.twodim.Rd:30: Lost braces in \itemize; \value handles \item{}{} directly
checkRd: (-1) pseudo.twodim.Rd:31: Lost braces in \itemize; \value handles \item{}{} directly
Flavors: r-devel-linux-x86_64-debian-clang, r-devel-linux-x86_64-debian-gcc, r-devel-linux-x86_64-fedora-clang, r-devel-linux-x86_64-fedora-gcc, r-devel-windows-x86_64, r-patched-linux-x86_64, r-release-linux-x86_64, r-release-macos-arm64, r-release-macos-x86_64, r-release-windows-x86_64, r-oldrel-macos-arm64, r-oldrel-macos-x86_64, r-oldrel-windows-x86_64